{"id":207,"date":"2019-12-19T21:25:57","date_gmt":"2019-12-19T20:25:57","guid":{"rendered":"http:\/\/uk-waldmann.de\/WP\/asyl\/?page_id=207"},"modified":"2025-01-08T15:11:33","modified_gmt":"2025-01-08T14:11:33","slug":"bb-index","status":"publish","type":"page","link":"https:\/\/uk-waldmann.de\/WP\/asyl\/hilfe-vor-ort\/bb-index\/","title":{"rendered":"Die unendlichen Leiden des jungen Fl\u00fcchtlings B."},"content":{"rendered":"<p>Im Februar 2016 haben wir f\u00fcr einen afghanischen jungen Asylbewerber die Patenschaft \u00fcbernommen. Im Dezember 2016 \u00fcbernahmen wir f\u00fcr den jungen unbegleiteten minderj\u00e4hrigen Fl\u00fcchtling (umF) die Pflegschaft und der damals 16 j\u00e4hrige wurde Mitglied in unserer Familie und zog bei uns ein. Seit dieser Zeit betreuen wir Bahar sehr intensiv und unterst\u00fctzen ihn soweit wir k\u00f6nnen im Umgang mit den Beh\u00f6rden und bringen ihm unsere Kultur n\u00e4her.<\/p>\n<p>Bei dieser Arbeit haben wir gelernt, dass es Asylbewerber in Bayern besonders schwer haben. Sie d\u00fcrfen meist nicht selbst f\u00fcr Ihren Lebensunterhalt sorgen, die bayerische Staatsregierung erlaubt ihnen solange sie im Asylverfahren sind im Regelfall nicht zu arbeiten oder eine Ausbildung zu machen.<br>In den letzten drei Jahren haben wir viel erlebt, im afghanischen Generalkonsulat, in der Ausl\u00e4nderbeh\u00f6rde in Erlangen, und vor allem in der zentralen Ausl\u00e4nderbeh\u00f6rde in Zirndorf. Auch hatten wir eine ausgiebige briefliche Korrospondens mit dem Bayerischen Innenminister wegen der Ausbildungserlaubnis. Zum Schluss haben wir nun auch noch Erfahrungen mit dem Verwaltungsgericht in Ansbach gesammelt.<\/p>\n<p>Weihnachten 2019 habe ich nun begonnen dieses Journal \/ Tagebuch \/ Blog zu schreiben um anderen Menschen die M\u00f6glichkeit zu geben aus erster Hand zu erfahren, wie vor allem Beh\u00f6rden in Bayern, mit solchen jungen Menschen umgehen.<\/p>\n<p>Bei allen Artikel habe ich versucht die Sicherheit von Bari&nbsp;sowie die Pers\u00f6nlichkeitsrechte\/ Datenschutzrechte der beteiligten Personen soweit m\u00f6glich zu gew\u00e4hrleisten.<\/p>\n<p>Der Zugang zum Blog \/ Journal ist nur mit Kennung m\u00f6glich. Bitte beantragen Sie auf der nachfolgenden Seite den Zugang.<\/p>\n<p>Aktuell haben wir den Blog \/ das Journal gesperrt, da es nun nach fast 10 Jahren einer kompletten \u00dcberarbeitung bedarf<\/p>\n<p>&nbsp;<\/p>\n\n\n<a class=\"maxbutton-9 maxbutton maxbutton-einfach-button\" title=\"Zugang zum Bari-Blog beantragen\" rel=\"nofollow noopener\" href=\"http:\/\/uk-waldmann.de\/WP\/asyl\/blog-bari-zugriff-beantragen\/\" data-maxbuttoncounter=\"{&quot;button_id&quot;:&quot;9&quot;,&quot;url&quot;:&quot;http:\\\/\\\/uk-waldmann.de\\\/WP\\\/asyl\\\/blog-bari-zugriff-beantragen\\\/&quot;,&quot;check&quot;:&quot;SiyyKidX&quot;}\" data-maxbuttonpage=\"{&quot;id&quot;:207,&quot;type&quot;:&quot;page&quot;}\"><span class='mb-text' >Zugang beantragen<\/span><\/a>\n\n\n\n<a name=\"index\"><\/a>\n<br><br><br><br>\n\n\n<h3>Inhaltsverzeichnis<\/h3>\n\n\n<a class=\"maxbutton-5 maxbutton maxbutton-ist-bb-bari\" target=\"_blank\" title=\"Bu\u00df- und Bettag 2019\" rel=\"nofollow noopener\" href=\"http:\/\/bari-blog\/buss-und-bettag-2019\/\" data-maxbuttoncounter=\"{&quot;button_id&quot;:&quot;5&quot;,&quot;url&quot;:&quot;http:\\\/\\\/bari-blog\\\/buss-und-bettag-2019\\\/&quot;,&quot;check&quot;:&quot;uD51VMOZ&quot;}\" data-maxbuttonpage=\"{&quot;id&quot;:207,&quot;type&quot;:&quot;page&quot;}\"><span class='mb-text' >1. Bu\u00df- und Bettag 2019<\/span><\/a>\n\n\n\n<div class=\"su-spacer\" style=\"height:20px\"><\/div>\n\n\n\n<a class=\"maxbutton-5 maxbutton maxbutton-ist-bb-bari\" target=\"_blank\" title=\"Weihnachten 2019\" rel=\"nofollow noopener\" href=\"http:\/\/bari-blog\/Weihnachten-2019\" data-maxbuttoncounter=\"{&quot;button_id&quot;:&quot;5&quot;,&quot;url&quot;:&quot;http:\\\/\\\/bari-blog\\\/Weihnachten-2019&quot;,&quot;check&quot;:&quot;XgHEeqTr&quot;}\" data-maxbuttonpage=\"{&quot;id&quot;:207,&quot;type&quot;:&quot;page&quot;}\"><span class='mb-text' >2. Drei Tage bis Heilig Abend 2019<\/span><\/a>\n\n\n\n<div class=\"su-spacer\" style=\"height:20px\"><\/div>\n\n\n\n<a class=\"maxbutton-5 maxbutton maxbutton-ist-bb-bari\" target=\"_blank\" title=\" Bei Nacht und Nebel nach Zirndorf \" rel=\"nofollow noopener\" href=\"http:\/\/bari-blog\/nun-zustaendig\/\" data-maxbuttoncounter=\"{&quot;button_id&quot;:&quot;5&quot;,&quot;url&quot;:&quot;http:\\\/\\\/bari-blog\\\/nun-zustaendig\\\/&quot;,&quot;check&quot;:&quot;gFq6eH-d&quot;}\" data-maxbuttonpage=\"{&quot;id&quot;:207,&quot;type&quot;:&quot;page&quot;}\"><span class='mb-text' >3. Bei Nacht und Nebel nach Zirndorf, 12. M\u00e4rz 2017<\/span><\/a>\n\n\n\n<div class=\"su-spacer\" style=\"height:20px\"><\/div>\n\n\n\n<a class=\"maxbutton-5 maxbutton maxbutton-ist-bb-bari\" target=\"_blank\" title=\"Tazkira - Identit\u00e4tskl\u00e4rung\" rel=\"nofollow noopener\" href=\"http:\/\/bari-blog\/tazkira-was-ist-das\/\" data-maxbuttoncounter=\"{&quot;button_id&quot;:&quot;5&quot;,&quot;url&quot;:&quot;http:\\\/\\\/bari-blog\\\/tazkira-was-ist-das\\\/&quot;,&quot;check&quot;:&quot;mSVj5E88&quot;}\" data-maxbuttonpage=\"{&quot;id&quot;:207,&quot;type&quot;:&quot;page&quot;}\"><span class='mb-text' >4. Tazkira, was ist das?<\/span><\/a>\n\n\n\n<div class=\"su-spacer\" style=\"height:20px\"><\/div>\n\n\n\n<a class=\"maxbutton-5 maxbutton maxbutton-ist-bb-bari\" target=\"_blank\" title=\"Attentat in Hanau 19.\/20. Febr. 2020\" rel=\"nofollow noopener\" href=\"http:\/\/bari-blog\/hanau\/\" data-maxbuttoncounter=\"{&quot;button_id&quot;:&quot;5&quot;,&quot;url&quot;:&quot;http:\\\/\\\/bari-blog\\\/hanau\\\/&quot;,&quot;check&quot;:&quot;ncOU5viV&quot;}\" data-maxbuttonpage=\"{&quot;id&quot;:207,&quot;type&quot;:&quot;page&quot;}\"><span class='mb-text' >5. Hanau und die Brandstifter<\/span><\/a>\n\n\n\n<div class=\"su-spacer\" style=\"height:20px\"><\/div>\n\n\n\n<a class=\"maxbutton-5 maxbutton maxbutton-ist-bb-bari\" target=\"_blank\" title=\"Anonymer Brief - Gutmenschen\" rel=\"nofollow noopener\" href=\"http:\/\/bari-blog\/gutmenschen\/\" data-maxbuttoncounter=\"{&quot;button_id&quot;:&quot;5&quot;,&quot;url&quot;:&quot;http:\\\/\\\/bari-blog\\\/gutmenschen\\\/&quot;,&quot;check&quot;:&quot;EOP5YqO7&quot;}\" data-maxbuttonpage=\"{&quot;id&quot;:207,&quot;type&quot;:&quot;page&quot;}\"><span class='mb-text' >6. Gutmenschen<\/span><\/a>\n\n\n\n<div class=\"su-spacer\" style=\"height:20px\"><\/div>\n\n\n\n<a class=\"maxbutton-5 maxbutton maxbutton-ist-bb-bari\" target=\"_blank\" title=\"Ausbildungsduldung\" rel=\"nofollow noopener\" href=\"http:\/\/bari-blog\/ausbildungsduldung\/\" data-maxbuttoncounter=\"{&quot;button_id&quot;:&quot;5&quot;,&quot;url&quot;:&quot;http:\\\/\\\/bari-blog\\\/ausbildungsduldung\\\/&quot;,&quot;check&quot;:&quot;m3S39okk&quot;}\" data-maxbuttonpage=\"{&quot;id&quot;:207,&quot;type&quot;:&quot;page&quot;}\"><span class='mb-text' >7. Ausbildungsduldung<\/span><\/a>\n\n\n\n<div class=\"su-spacer\" style=\"height:20px\"><\/div>\n\n\n\n<a class=\"maxbutton-5 maxbutton maxbutton-ist-bb-bari\" target=\"_blank\" title=\"Integrationsantrag\" rel=\"nofollow noopener\" href=\"http:\/\/bari-blog\/integrationsantrag\/\" data-maxbuttoncounter=\"{&quot;button_id&quot;:&quot;5&quot;,&quot;url&quot;:&quot;http:\\\/\\\/bari-blog\\\/integrationsantrag\\\/&quot;,&quot;check&quot;:&quot;Ncdyfp7u&quot;}\" data-maxbuttonpage=\"{&quot;id&quot;:207,&quot;type&quot;:&quot;page&quot;}\"><span class='mb-text' >8. Integrationsantrag \u00a725a AufenthG<\/span><\/a>\n\n\n\n<div class=\"su-spacer\" style=\"height:50px\"><\/div>\n\n\n\n<p><strong>Weitere geplante Beitr\u00e4ge:<\/strong><\/p>\n\n\n\n<ul class=\"wp-block-list\">\n<li><a class=\"maxbutton-6 maxbutton maxbutton-plan-bb-bari\" target=\"_blank\" title=\"Anh\u00f6rung beim BAMF in Schweinfurt\" rel=\"nofollow noopener\" href=\"http:\/\/bari-blog\/anhoerung-bamf\/\" data-maxbuttoncounter=\"{&quot;button_id&quot;:&quot;6&quot;,&quot;url&quot;:&quot;http:\\\/\\\/bari-blog\\\/anhoerung-bamf\\\/&quot;,&quot;check&quot;:&quot;0n4_4j-w&quot;}\" data-maxbuttonpage=\"{&quot;id&quot;:207,&quot;type&quot;:&quot;page&quot;}\"><span class='mb-text' >Anh\u00f6rung Bamf 12.Dez 2016<\/span><\/a><br><\/li>\n\n\n\n<li><a class=\"maxbutton-6 maxbutton maxbutton-plan-bb-bari\" target=\"_blank\" title=\"Politische Hilfe\" rel=\"nofollow noopener\" href=\"http:\/\/bari-blog\/anschreibenpolitiker\/\/\" data-maxbuttoncounter=\"{&quot;button_id&quot;:&quot;6&quot;,&quot;url&quot;:&quot;http:\\\/\\\/bari-blog\\\/anschreibenpolitiker\\\/\\\/&quot;,&quot;check&quot;:&quot;H6EfTvGC&quot;}\" data-maxbuttonpage=\"{&quot;id&quot;:207,&quot;type&quot;:&quot;page&quot;}\"><span class='mb-text' >Politische Hilfe erbeten<\/span><\/a> <br><\/li>\n\n\n\n<li><a class=\"maxbutton-6 maxbutton maxbutton-plan-bb-bari\" target=\"_blank\" title=\"Jo Herrmann unterst\u00fctzt\" rel=\"nofollow noopener\" href=\"http:\/\/bari-blog\/jo-herrmann\/\" data-maxbuttoncounter=\"{&quot;button_id&quot;:&quot;6&quot;,&quot;url&quot;:&quot;http:\\\/\\\/bari-blog\\\/jo-herrmann\\\/&quot;,&quot;check&quot;:&quot;_oxyn_0y&quot;}\" data-maxbuttonpage=\"{&quot;id&quot;:207,&quot;type&quot;:&quot;page&quot;}\"><span class='mb-text' >Innenminister Herrmann unterst\u00fctzt<\/span><\/a>  <br><\/li>\n\n\n\n<li><a class=\"maxbutton-6 maxbutton maxbutton-plan-bb-bari\" target=\"_blank\" title=\"Ankunft in Rosenheim\" rel=\"nofollow noopener\" href=\"http:\/\/bari-blog\/rosenheim\/\" data-maxbuttoncounter=\"{&quot;button_id&quot;:&quot;6&quot;,&quot;url&quot;:&quot;http:\\\/\\\/bari-blog\\\/rosenheim\\\/&quot;,&quot;check&quot;:&quot;1u1ZzWxu&quot;}\" data-maxbuttonpage=\"{&quot;id&quot;:207,&quot;type&quot;:&quot;page&quot;}\"><span class='mb-text' >Ankunft in Rosenheim Okt. 2015<\/span><\/a><\/li>\n<\/ul>\n","protected":false},"excerpt":{"rendered":"<p>Im Februar 2016 haben wir f\u00fcr einen afghanischen jungen Asylbewerber die Patenschaft \u00fcbernommen. Im Dezember 2016 \u00fcbernahmen wir f\u00fcr den jungen unbegleiteten minderj\u00e4hrigen Fl\u00fcchtling (umF) [&#8230;]<\/p>\n","protected":false},"author":1,"featured_media":0,"parent":79,"menu_order":0,"comment_status":"closed","ping_status":"closed","template":"","meta":{"_lmt_disableupdate":"","_lmt_disable":"","footnotes":""},"class_list":["post-207","page","type-page","status-publish","hentry"],"_links":{"self":[{"href":"https:\/\/uk-waldmann.de\/WP\/asyl\/wp-json\/wp\/v2\/pages\/207","targetHints":{"allow":["GET"]}}],"collection":[{"href":"https:\/\/uk-waldmann.de\/WP\/asyl\/wp-json\/wp\/v2\/pages"}],"about":[{"href":"https:\/\/uk-waldmann.de\/WP\/asyl\/wp-json\/wp\/v2\/types\/page"}],"author":[{"embeddable":true,"href":"https:\/\/uk-waldmann.de\/WP\/asyl\/wp-json\/wp\/v2\/users\/1"}],"replies":[{"embeddable":true,"href":"https:\/\/uk-waldmann.de\/WP\/asyl\/wp-json\/wp\/v2\/comments?post=207"}],"version-history":[{"count":91,"href":"https:\/\/uk-waldmann.de\/WP\/asyl\/wp-json\/wp\/v2\/pages\/207\/revisions"}],"predecessor-version":[{"id":965,"href":"https:\/\/uk-waldmann.de\/WP\/asyl\/wp-json\/wp\/v2\/pages\/207\/revisions\/965"}],"up":[{"embeddable":true,"href":"https:\/\/uk-waldmann.de\/WP\/asyl\/wp-json\/wp\/v2\/pages\/79"}],"wp:attachment":[{"href":"https:\/\/uk-waldmann.de\/WP\/asyl\/wp-json\/wp\/v2\/media?parent=207"}],"curies":[{"name":"wp","href":"https:\/\/api.w.org\/{rel}","templated":true}]}}