{"id":79,"date":"2019-07-24T13:39:59","date_gmt":"2019-07-24T11:39:59","guid":{"rendered":"http:\/\/uk-waldmann.de\/WP\/asyl\/?page_id=79"},"modified":"2019-12-29T10:42:59","modified_gmt":"2019-12-29T09:42:59","slug":"hilfe-vor-ort","status":"publish","type":"page","link":"https:\/\/uk-waldmann.de\/WP\/asyl\/hilfe-vor-ort\/","title":{"rendered":"Hilfe vor Ort"},"content":{"rendered":"<p>Liebe Besucher unserer Homepage.<\/p>\n<blockquote>\n<p><strong><em>Asyl und Schutz, sind weder ein Gnadenakt noch ein Deal. <br>Sie sind eines der zentralen Rechte unserer Verfassung.<\/em><\/strong><\/p>\n<\/blockquote>\n<p style=\"text-align: left;\">Das schrieb Ernst Grube, Pr\u00e4sident der Lagergemeinschaft Dachau e.V. im Juni 2017 an die damalige Pr\u00e4sidentin des Bayerischen Landtags, Frau Barbara Stamm.<\/p>\n<p style=\"text-align: right;\"><br data-rich-text-line-break=\"true\">Hier der Brief von Ernst Grube zum download: <a href=\"http:\/\/www.uk-waldmann.de\/daten\/Brief-an-Landtagspr%C3%A4sidentin-Stamm.pdf\" target=\"_blank\" rel=\"noreferrer noopener\" aria-label=\" (\u00f6ffnet in neuem Tab)\">Brief an Landtagspr\u00e4sidentin Stamm<\/a><\/p>\n\n\n<p> <br>Uschi und ich haben uns vor ein paar Jahren dazu entschlossen nicht nur &#8222;politisch&#8220; daf\u00fcr einzustehen, dass alle Menschen gleich sind, wir haben uns daf\u00fcr entschieden auch aktiv in diesem Umfeld t\u00e4tig zu werden.<br><br>Im Fr\u00fchjahr 2016 habe ich zusammen mit anderen B\u00fcrgern, vor allem aus dem Erlanger Vorort Bruck  die Helferkoordination einer gerade neu bereitgestellten Notunterkunft f\u00fcr ankommende Asylbewerber \u00fcbernommen.<br><br>Mit dem <a rel=\"noreferrer noopener\" aria-label=\"Schulprojekt &quot;Willkommen - geduldet - abgelehnt&quot; (\u00f6ffnet in neuem Tab)\" href=\"http:\/\/www.wir-flucht.de\/\" target=\"_blank\">Schulprojekt &#8222;Willkommen &#8211; geduldet &#8211; abgelehnt&#8220;<\/a> hat Uschi bereits schon im November 2014 begonnen an ihrer Schule Jugendliche \u00fcber das Thema Asyl zu informieren und Fluchtgr\u00fcnde n\u00e4her zu bringen.<\/p>\n\n\n\n<p>Im Herbst 2015 haben wir uns entschlossen die Patenschaft f\u00fcr einen  <strong>u<\/strong>nbegleiteten <strong>m<\/strong>inderj\u00e4hrigen <strong>F<\/strong>l\u00fcchtling (umF) zu \u00fcbernehmen. Ein Jahr sp\u00e4ter haben wir f\u00fcr diesen jungen Mann dann die Pflegschaft \u00fcbernommen um ihn bestm\u00f6glichst bei seinem Ankommen in Deutschland zu unterst\u00fctzen.<\/p>\n\n\n\n<p>Beide Aktivit\u00e4ten, das Schulprojekt und die Begleitung minderj\u00e4hriger Fl\u00fcchtlinge, die ohne Eltern hier in Deutschland angekommen sind, konnten wir im Rahmen eines Sicherheitstrainings f\u00fcr Fahrradfahrer vereinen. Im April 2016 boten wir zusammen mit der Erlanger Polizei ein Fahrtraining f\u00fcr diese Jungs an. &#8211;> <a rel=\"noreferrer noopener\" aria-label=\"Fahrradtraining (\u00f6ffnet in neuem Tab)\" href=\"https:\/\/www.nordbayern.de\/region\/erlangen\/erlangen-sicher-auf-zwei-radern-1.5107006?fbclid=IwAR0E1ujoCyCP-MaGYm2gA6BzV_UUWpjTUqexfVb163f1Uvd-hgVMTi9ajzw\" target=\"_blank\">Fahrradtraining<\/a><\/p>\n\n\n\n<p><\/p>\n","protected":false},"excerpt":{"rendered":"<p>Liebe Besucher unserer Homepage. Asyl und Schutz, sind weder ein Gnadenakt noch ein Deal. Sie sind eines der zentralen Rechte unserer Verfassung. Das schrieb Ernst [&#8230;]<\/p>\n","protected":false},"author":1,"featured_media":0,"parent":0,"menu_order":200,"comment_status":"closed","ping_status":"closed","template":"","meta":{"_lmt_disableupdate":"","_lmt_disable":"","footnotes":""},"class_list":["post-79","page","type-page","status-publish","hentry"],"_links":{"self":[{"href":"https:\/\/uk-waldmann.de\/WP\/asyl\/wp-json\/wp\/v2\/pages\/79","targetHints":{"allow":["GET"]}}],"collection":[{"href":"https:\/\/uk-waldmann.de\/WP\/asyl\/wp-json\/wp\/v2\/pages"}],"about":[{"href":"https:\/\/uk-waldmann.de\/WP\/asyl\/wp-json\/wp\/v2\/types\/page"}],"author":[{"embeddable":true,"href":"https:\/\/uk-waldmann.de\/WP\/asyl\/wp-json\/wp\/v2\/users\/1"}],"replies":[{"embeddable":true,"href":"https:\/\/uk-waldmann.de\/WP\/asyl\/wp-json\/wp\/v2\/comments?post=79"}],"version-history":[{"count":10,"href":"https:\/\/uk-waldmann.de\/WP\/asyl\/wp-json\/wp\/v2\/pages\/79\/revisions"}],"predecessor-version":[{"id":201,"href":"https:\/\/uk-waldmann.de\/WP\/asyl\/wp-json\/wp\/v2\/pages\/79\/revisions\/201"}],"wp:attachment":[{"href":"https:\/\/uk-waldmann.de\/WP\/asyl\/wp-json\/wp\/v2\/media?parent=79"}],"curies":[{"name":"wp","href":"https:\/\/api.w.org\/{rel}","templated":true}]}}

<p>Liebe Besucher unserer Homepage.</p>
<blockquote>
<p><strong><em>Asyl und Schutz, sind weder ein Gnadenakt noch ein Deal. <br>Sie sind eines der zentralen Rechte unserer Verfassung.</em></strong></p>
</blockquote>
<p style="text-align: left;">Das schrieb Ernst Grube, Präsident der Lagergemeinschaft Dachau e.V. im Juni 2017 an die damalige Präsidentin des Bayerischen Landtags, Frau Barbara Stamm.</p>
<p style="text-align: right;"><br data-rich-text-line-break="true">Hier der Brief von Ernst Grube zum download: <a href="http://www.uk-waldmann.de/daten/Brief-an-Landtagspr%C3%A4sidentin-Stamm.pdf" target="_blank" rel="noreferrer noopener" aria-label=" (öffnet in neuem Tab)">Brief an Landtagspräsidentin Stamm</a></p>


<p> <br>Uschi und ich haben uns vor ein paar Jahren dazu entschlossen nicht nur &#8222;politisch&#8220; dafür einzustehen, dass alle Menschen gleich sind, wir haben uns dafür entschieden auch aktiv in diesem Umfeld tätig zu werden.<br><br>Im Frühjahr 2016 habe ich zusammen mit anderen Bürgern, vor allem aus dem Erlanger Vorort Bruck  die Helferkoordination einer gerade neu bereitgestellten Notunterkunft für ankommende Asylbewerber übernommen.<br><br>Mit dem <a rel="noreferrer noopener" aria-label="Schulprojekt &quot;Willkommen - geduldet - abgelehnt&quot; (öffnet in neuem Tab)" href="http://www.wir-flucht.de/" target="_blank">Schulprojekt &#8222;Willkommen &#8211; geduldet &#8211; abgelehnt&#8220;</a> hat Uschi bereits schon im November 2014 begonnen an ihrer Schule Jugendliche über das Thema Asyl zu informieren und Fluchtgründe näher zu bringen.</p>



<p>Im Herbst 2015 haben wir uns entschlossen die Patenschaft für einen  <strong>u</strong>nbegleiteten <strong>m</strong>inderjährigen <strong>F</strong>lüchtling (umF) zu übernehmen. Ein Jahr später haben wir für diesen jungen Mann dann die Pflegschaft übernommen um ihn bestmöglichst bei seinem Ankommen in Deutschland zu unterstützen.</p>



<p>Beide Aktivitäten, das Schulprojekt und die Begleitung minderjähriger Flüchtlinge, die ohne Eltern hier in Deutschland angekommen sind, konnten wir im Rahmen eines Sicherheitstrainings für Fahrradfahrer vereinen. Im April 2016 boten wir zusammen mit der Erlanger Polizei ein Fahrtraining für diese Jungs an. &#8211;> <a rel="noreferrer noopener" aria-label="Fahrradtraining (öffnet in neuem Tab)" href="https://www.nordbayern.de/region/erlangen/erlangen-sicher-auf-zwei-radern-1.5107006?fbclid=IwAR0E1ujoCyCP-MaGYm2gA6BzV_UUWpjTUqexfVb163f1Uvd-hgVMTi9ajzw" target="_blank">Fahrradtraining</a></p>



<p></p>
