{"id":1672,"date":"2019-09-21T14:33:51","date_gmt":"2019-09-21T12:33:51","guid":{"rendered":"http:\/\/uk-waldmann.de\/WP\/reisen\/?page_id=1672"},"modified":"2025-06-01T16:03:39","modified_gmt":"2025-06-01T14:03:39","slug":"gb","status":"publish","type":"page","link":"https:\/\/uk-waldmann.de\/WP\/reisen\/europa\/gb\/","title":{"rendered":"Gro\u00dfbritanien &amp; Kanalinseln"},"content":{"rendered":"\n<div class=\"wp-block-columns is-layout-flex wp-container-core-columns-is-layout-9d6595d7 wp-block-columns-is-layout-flex\">\n<div class=\"wp-block-column is-layout-flow wp-block-column-is-layout-flow\">\n<p>Das Gro\u00dfbritanien ist f\u00fcr uns vor allem <strong>S\u00fcdengland<\/strong> und die <strong>Kanalinseln<\/strong>. <br \/>Dahinter verbirgt sich <strong>Meer, K\u00fcste, Steilk\u00fcste, Wandern, Schafe<\/strong> ,,,<\/p>\n<\/div>\n\n\n\n<div class=\"wp-block-column is-layout-flow wp-block-column-is-layout-flow\">\nngg_shortcode_0_placeholder\n<\/div>\n<\/div>\n\n\n\n<p>Kennengelernt haben wir diese sch\u00f6ne Gegend Englands anfangs nur durch die Sch\u00fclerreise, welche die <a href=\"https:\/\/www.wir-erlangen.de\/\" target=\"_blank\" rel=\"noreferrer noopener\">St\u00e4dtischen Wirtschaftsschule Erlangen<\/a> durchf\u00fchrte.&nbsp;<br>Teilnehmen durften ca. 45 Sch\u00fcler welche von der neunten in die 10 Klasse versetzt wurden. Anfangs dauerte die Reise 10 Tage, davon mussten die Sch\u00fcler 5 Ferientage opfern und bekamen die ersten 5 Schultage dazu &#8222;geschenkt&#8220;. Unterbringung war im Gro\u00dfraum Bournemouth in Gastfamilien. Die Sch\u00fcler lernten so auch das englische Familienleben kennen.<br>Tags\u00fcber fand dann &#8222;Programm&#8220; statt.&nbsp;<\/p>\n\n\n\n<ul class=\"wp-block-list\">\n<li>Wanderung via Studland nach Swanage oder Corf Castel, Old Harry<\/li>\n\n\n\n<li>Besuch der St\u00e4dte Winchester und Sailsbury<\/li>\n\n\n\n<li>Lulworth &#8211; Durdle Door<\/li>\n<\/ul>\n\n\n\n<p>Zu Beginn dieser Sch\u00fclerreise fand auch immer noch ein Fu\u00dfballspiel gegen eine einheimische, also englische Schulmannschaft statt.<\/p>\n\n\n\n<p>Aber schon bald entdeckten wir diesen herrlichen Fleck der Britischen Insel f\u00fcr uns auch privat.<br>Ab 1995 besuchten wir immer wieder neben Devon und Cornwall auch die Kanalinseln. Eine kleine Inselgruppe in der Bucht von Saint-Malo, die uns vor allem Erholung, Entschleunigung und Ruhe brachten. Neben einer herrlichen Landschaft, K\u00fcstenabschnitten und tollen Walderungen.<\/p>\n\n\n\n<div class=\"su-divider su-divider-style-default\" style=\"margin:15px 0;border-width:13px;border-color:var(--me-DunkelDunkel)\"><\/div>\n\n\n\n<p><strong>Zur offiziellen Einstufung zur Kenntnis:<\/strong><\/p>\n\n\n\n<div class=\"wp-block-columns is-layout-flex wp-container-core-columns-is-layout-9d6595d7 wp-block-columns-is-layout-flex\">\n<div class=\"wp-block-column is-layout-flow wp-block-column-is-layout-flow\">\n<ul data-start=\"52\" data-end=\"553\">\n<li data-start=\"52\" data-end=\"244\">\n<p data-start=\"54\" data-end=\"244\"><strong data-start=\"54\" data-end=\"65\"><span class=\"_fadeIn_m1hgl_8\">England<\/span><\/strong> <span class=\"_fadeIn_m1hgl_8\">ist <\/span><span class=\"_fadeIn_m1hgl_8\">nur <\/span><span class=\"_fadeIn_m1hgl_8\">ein <\/span><span class=\"_fadeIn_m1hgl_8\">Teil <\/span><span class=\"_fadeIn_m1hgl_8\">des <\/span><span class=\"_fadeIn_m1hgl_8\">Landes \u2013 <\/span><span class=\"_fadeIn_m1hgl_8\">genau <\/span><span class=\"_fadeIn_m1hgl_8\">genommen <\/span><span class=\"_fadeIn_m1hgl_8\">eine <\/span><span class=\"_fadeIn_m1hgl_8\">der <\/span><span class=\"_fadeIn_m1hgl_8\">vier <\/span><span class=\"_fadeIn_m1hgl_8\">sogenannten \u201e<\/span><span class=\"_fadeIn_m1hgl_8\">Nationen\u201c <\/span><span class=\"_fadeIn_m1hgl_8\">des <\/span><span class=\"_fadeIn_m1hgl_8\">Vereinigten <\/span><span class=\"_fadeIn_m1hgl_8\">K\u00f6nigreichs. <\/span><span class=\"_fadeIn_m1hgl_8\">Die <\/span><span class=\"_fadeIn_m1hgl_8\">anderen <\/span><span class=\"_fadeIn_m1hgl_8\">drei <\/span><span class=\"_fadeIn_m1hgl_8\">sind <\/span><strong data-start=\"199\" data-end=\"213\"><span class=\"_fadeIn_m1hgl_8\">Schottland<\/span><\/strong><span class=\"_fadeIn_m1hgl_8\">, <\/span><strong data-start=\"215\" data-end=\"224\"><span class=\"_fadeIn_m1hgl_8\">Wales<\/span><\/strong> <span class=\"_fadeIn_m1hgl_8\">und <\/span><strong data-start=\"229\" data-end=\"243\"><span class=\"_fadeIn_m1hgl_8\">Nordirland<\/span><\/strong><span class=\"_fadeIn_m1hgl_8\">.<\/span><\/p>\n<\/li>\n<li data-start=\"246\" data-end=\"374\">\n<p data-start=\"248\" data-end=\"374\"><strong data-start=\"248\" data-end=\"282\"><span class=\"_fadeIn_m1hgl_8\">Great <\/span><span class=\"_fadeIn_m1hgl_8\">Britain (<\/span><span class=\"_fadeIn_m1hgl_8\">Gro\u00dfbritannien)<\/span><\/strong> <span class=\"_fadeIn_m1hgl_8\">umfasst <\/span><span class=\"_fadeIn_m1hgl_8\">die <\/span><span class=\"_fadeIn_m1hgl_8\">Insel <\/span><span class=\"_fadeIn_m1hgl_8\">mit <\/span><strong data-start=\"305\" data-end=\"316\"><span class=\"_fadeIn_m1hgl_8\">England<\/span><\/strong><span class=\"_fadeIn_m1hgl_8\">, <\/span><strong data-start=\"318\" data-end=\"332\" data-is-only-node=\"\"><span class=\"_fadeIn_m1hgl_8\">Schottland<\/span><\/strong> <span class=\"_fadeIn_m1hgl_8\">und <\/span><strong data-start=\"337\" data-end=\"346\"><span class=\"_fadeIn_m1hgl_8\">Wales<\/span><\/strong><span class=\"_fadeIn_m1hgl_8\"> \u2013 <\/span><span class=\"_fadeIn_m1hgl_8\">also <\/span><strong data-start=\"354\" data-end=\"373\"><span class=\"_fadeIn_m1hgl_8\">ohne <\/span><span class=\"_fadeIn_m1hgl_8\">Nordirland<\/span><\/strong><span class=\"_fadeIn_m1hgl_8\">.<\/span><\/p>\n<\/li>\n<li data-start=\"376\" data-end=\"553\">\n<p data-start=\"378\" data-end=\"553\"><strong data-start=\"378\" data-end=\"401\"><span class=\"_fadeIn_m1hgl_8\">United <\/span><span class=\"_fadeIn_m1hgl_8\">Kingdom (<\/span><span class=\"_fadeIn_m1hgl_8\">UK)<\/span><\/strong> <span class=\"_fadeIn_m1hgl_8\">steht <\/span><span class=\"_fadeIn_m1hgl_8\">f\u00fcr <\/span><strong data-start=\"412\" data-end=\"472\"><span class=\"_fadeIn_m1hgl_8\">Vereinigtes <\/span><span class=\"_fadeIn_m1hgl_8\">K\u00f6nigreich <\/span><span class=\"_fadeIn_m1hgl_8\">von <\/span><span class=\"_fadeIn_m1hgl_8\">Gro\u00dfbritannien <\/span><span class=\"_fadeIn_m1hgl_8\">und <\/span><span class=\"_fadeIn_m1hgl_8\">Nordirland<\/span><\/strong><span class=\"_fadeIn_m1hgl_8\">. <\/span><span class=\"_fadeIn_m1hgl_8\">Es <\/span><span class=\"_fadeIn_m1hgl_8\">umfasst <\/span><span class=\"_fadeIn_m1hgl_8\">also <\/span><strong data-start=\"490\" data-end=\"552\"><span class=\"_fadeIn_m1hgl_8\">alle <\/span><span class=\"_fadeIn_m1hgl_8\">vier <\/span><span class=\"_fadeIn_m1hgl_8\">Teile: <\/span><span class=\"_fadeIn_m1hgl_8\">England, <\/span><span class=\"_fadeIn_m1hgl_8\">Schottland, <\/span><span class=\"_fadeIn_m1hgl_8\">Wales <\/span><span class=\"_fadeIn_m1hgl_8\">und <\/span><span class=\"_fadeIn_m1hgl_8\">Nordirland<\/span><\/strong><span class=\"_fadeIn_m1hgl_8\">.<\/span><\/p>\n<\/li>\n<\/ul>\n<\/div>\n\n\n\n<div class=\"wp-block-column is-layout-flow wp-block-column-is-layout-flow\">\n<ul>\n<li>\n<p data-start=\"223\" data-end=\"296\"><span class=\"_fadeIn_m1hgl_8\">Die <\/span><strong data-start=\"227\" data-end=\"242\"><span class=\"_fadeIn_m1hgl_8\">Kanalinseln<\/span><\/strong><span class=\"_fadeIn_m1hgl_8\"> (<\/span><span class=\"_fadeIn_m1hgl_8\">engl. <\/span><em data-start=\"250\" data-end=\"267\"><span class=\"_fadeIn_m1hgl_8\">Channel <\/span><span class=\"_fadeIn_m1hgl_8\">Islands<\/span><\/em><span class=\"_fadeIn_m1hgl_8\">) <\/span><span class=\"_fadeIn_m1hgl_8\">bestehen <\/span><span class=\"_fadeIn_m1hgl_8\">haupts\u00e4chlich <\/span><span class=\"_fadeIn_m1hgl_8\">aus:<\/span><\/p>\n<ul data-start=\"298\" data-end=\"379\">\n<li data-start=\"298\" data-end=\"310\">\n<p data-start=\"300\" data-end=\"310\"><strong data-start=\"300\" data-end=\"310\"><span class=\"_fadeIn_m1hgl_8\">Jersey<\/span><\/strong><\/p>\n<\/li>\n<li data-start=\"311\" data-end=\"379\">\n<p data-start=\"313\" data-end=\"379\"><strong data-start=\"313\" data-end=\"325\"><span class=\"_fadeIn_m1hgl_8\">Guernsey<\/span><\/strong><br data-start=\"325\" data-end=\"328\"><span class=\"_fadeIn_m1hgl_8\">(<\/span><span class=\"_fadeIn_m1hgl_8\">Sowie <\/span><span class=\"_fadeIn_m1hgl_8\">kleinere <\/span><span class=\"_fadeIn_m1hgl_8\">Inseln <\/span><span class=\"_fadeIn_m1hgl_8\">wie <\/span><span class=\"_fadeIn_m1hgl_8\">Sark, <\/span><span class=\"_fadeIn_m1hgl_8\">Alderney <\/span><span class=\"_fadeIn_m1hgl_8\">und <\/span><span class=\"_fadeIn_m1hgl_8\">Herm)<\/span><\/p>\n<\/li>\n<\/ul>\n<hr data-start=\"381\" data-end=\"384\">\n<ul data-start=\"415\" data-end=\"788\">\n<li data-start=\"415\" data-end=\"510\">\n<p data-start=\"417\" data-end=\"510\"><span class=\"_fadeIn_m1hgl_8\">Sie <\/span><span class=\"_fadeIn_m1hgl_8\">sind <\/span><strong data-start=\"426\" data-end=\"455\"><span class=\"_fadeIn_m1hgl_8\">britische <\/span><span class=\"_fadeIn_m1hgl_8\">Kronbesitzt\u00fcmer<\/span><\/strong><span class=\"_fadeIn_m1hgl_8\"> (<\/span><em data-start=\"457\" data-end=\"477\"><span class=\"_fadeIn_m1hgl_8\">Crown <\/span><span class=\"_fadeIn_m1hgl_8\">Dependencies<\/span><\/em><span class=\"_fadeIn_m1hgl_8\">), <\/span><span class=\"_fadeIn_m1hgl_8\">genau <\/span><span class=\"_fadeIn_m1hgl_8\">wie <\/span><span class=\"_fadeIn_m1hgl_8\">die <\/span><strong data-start=\"494\" data-end=\"509\"><span class=\"_fadeIn_m1hgl_8\">Isle <\/span><span class=\"_fadeIn_m1hgl_8\">of <\/span><span class=\"_fadeIn_m1hgl_8\">Man<\/span><\/strong><span class=\"_fadeIn_m1hgl_8\">.<\/span><\/p>\n<\/li>\n<li data-start=\"511\" data-end=\"624\">\n<p data-start=\"513\" data-end=\"624\"><span class=\"_fadeIn_m1hgl_8\">Sie <\/span><strong data-start=\"517\" data-end=\"534\"><span class=\"_fadeIn_m1hgl_8\">geh\u00f6ren <\/span><span class=\"_fadeIn_m1hgl_8\">nicht<\/span><\/strong> <span class=\"_fadeIn_m1hgl_8\">zum <\/span><strong data-start=\"539\" data-end=\"570\"><span class=\"_fadeIn_m1hgl_8\">Vereinigten <\/span><span class=\"_fadeIn_m1hgl_8\">K\u00f6nigreich (<\/span><span class=\"_fadeIn_m1hgl_8\">UK)<\/span><\/strong> <span class=\"_fadeIn_m1hgl_8\">und <\/span><strong data-start=\"575\" data-end=\"584\"><span class=\"_fadeIn_m1hgl_8\">nicht<\/span><\/strong> <span class=\"_fadeIn_m1hgl_8\">zur <\/span><strong data-start=\"589\" data-end=\"595\"><span class=\"_fadeIn_m1hgl_8\">EU<\/span><\/strong><span class=\"_fadeIn_m1hgl_8\"> (<\/span><span class=\"_fadeIn_m1hgl_8\">auch <\/span><span class=\"_fadeIn_m1hgl_8\">nicht <\/span><span class=\"_fadeIn_m1hgl_8\">vor <\/span><span class=\"_fadeIn_m1hgl_8\">dem <\/span><span class=\"_fadeIn_m1hgl_8\">Brexit).<\/span><\/p>\n<\/li>\n<li data-start=\"625\" data-end=\"686\">\n<p data-start=\"627\" data-end=\"686\"><span class=\"_fadeIn_m1hgl_8\">Sie <\/span><span class=\"_fadeIn_m1hgl_8\">haben <\/span><strong data-start=\"637\" data-end=\"685\"><span class=\"_fadeIn_m1hgl_8\">eigene <\/span><span class=\"_fadeIn_m1hgl_8\">Parlamente, <\/span><span class=\"_fadeIn_m1hgl_8\">Gesetze <\/span><span class=\"_fadeIn_m1hgl_8\">und <\/span><span class=\"_fadeIn_m1hgl_8\">Steuersysteme<\/span><\/strong><span class=\"_fadeIn_m1hgl_8\">.<\/span><\/p>\n<\/li>\n<li data-start=\"687\" data-end=\"788\">\n<p data-start=\"689\" data-end=\"788\"><span class=\"_fadeIn_m1hgl_8\">F\u00fcr <\/span><span class=\"_fadeIn_m1hgl_8\">Verteidigung <\/span><span class=\"_fadeIn_m1hgl_8\">und <\/span><span class=\"_fadeIn_m1hgl_8\">internationale <\/span><span class=\"_fadeIn_m1hgl_8\">Beziehungen <\/span><span class=\"_fadeIn_m1hgl_8\">ist <\/span><span class=\"_fadeIn_m1hgl_8\">jedoch <\/span><strong data-start=\"748\" data-end=\"787\"><span class=\"_fadeIn_m1hgl_8\">das <\/span><span class=\"_fadeIn_m1hgl_8\">Vereinigte <\/span><span class=\"_fadeIn_m1hgl_8\">K\u00f6nigreich <\/span><span class=\"_fadeIn_m1hgl_8\">zust\u00e4ndig<\/span><\/strong><span class=\"_fadeIn_m1hgl_8\">.<\/span><\/p>\n<\/li>\n<\/ul>\n<\/li>\n<\/ul>\n<\/div>\n<\/div>\n","protected":false},"excerpt":{"rendered":"<p>Das Gro\u00dfbritanien ist f\u00fcr uns vor allem S\u00fcdengland und die Kanalinseln. Dahinter verbirgt sich Meer, K\u00fcste, Steilk\u00fcste, Wandern, Schafe ,,, Kennengelernt haben wir diese sch\u00f6ne [&#8230;]<\/p>\n","protected":false},"author":1,"featured_media":0,"parent":77,"menu_order":110,"comment_status":"closed","ping_status":"closed","template":"templates\/template-sidebar-right.php","meta":{"_lmt_disableupdate":"","_lmt_disable":"","ngg_post_thumbnail":0,"footnotes":""},"class_list":["post-1672","page","type-page","status-publish","hentry"],"_links":{"self":[{"href":"https:\/\/uk-waldmann.de\/WP\/reisen\/wp-json\/wp\/v2\/pages\/1672","targetHints":{"allow":["GET"]}}],"collection":[{"href":"https:\/\/uk-waldmann.de\/WP\/reisen\/wp-json\/wp\/v2\/pages"}],"about":[{"href":"https:\/\/uk-waldmann.de\/WP\/reisen\/wp-json\/wp\/v2\/types\/page"}],"author":[{"embeddable":true,"href":"https:\/\/uk-waldmann.de\/WP\/reisen\/wp-json\/wp\/v2\/users\/1"}],"replies":[{"embeddable":true,"href":"https:\/\/uk-waldmann.de\/WP\/reisen\/wp-json\/wp\/v2\/comments?post=1672"}],"version-history":[{"count":26,"href":"https:\/\/uk-waldmann.de\/WP\/reisen\/wp-json\/wp\/v2\/pages\/1672\/revisions"}],"predecessor-version":[{"id":6446,"href":"https:\/\/uk-waldmann.de\/WP\/reisen\/wp-json\/wp\/v2\/pages\/1672\/revisions\/6446"}],"up":[{"embeddable":true,"href":"https:\/\/uk-waldmann.de\/WP\/reisen\/wp-json\/wp\/v2\/pages\/77"}],"wp:attachment":[{"href":"https:\/\/uk-waldmann.de\/WP\/reisen\/wp-json\/wp\/v2\/media?parent=1672"}],"curies":[{"name":"wp","href":"https:\/\/api.w.org\/{rel}","templated":true}]}}