{"id":2,"date":"2019-05-17T15:09:36","date_gmt":"2019-05-17T13:09:36","guid":{"rendered":"http:\/\/uk-waldmann.de\/WP\/reisen\/?page_id=2"},"modified":"2026-04-06T17:08:55","modified_gmt":"2026-04-06T15:08:55","slug":"franken-on-tour","status":"publish","type":"page","link":"https:\/\/uk-waldmann.de\/WP\/reisen\/","title":{"rendered":"2 Franken auf Reisen"},"content":{"rendered":"\n<div class=\"sue-splash\" data-once=\"no\" data-cookie=\"sue_splash_e54d113ced420966ddd65d194d8230ef\" data-esc=\"yes\" data-close=\"yes\" data-onclick=\"close-bg\" data-url=\"\" data-opacity=\"0.8\" data-width=\"480\" data-style=\"sue-splash-style-light-boxed\" data-delay=\"0\"><div class=\"sue-splash-screen su-u-trim\">Sch\u00f6n, dass Sie hierher gefunden haben. Unser Reiseblog ist noch im Aufbau. Trotzdem hoffen wir, dass Sie hier viele Informationen finden.<br>Wer m\u00f6chte, der kann auch gerne mit uns (und anderen) \u00fcber Facebook Informationen \u00fcber seine Reisen austauschen.<br>Danke und viele Gr\u00fc\u00dfe<br>UK Waldmann<\/div><\/div>\n\n\n\n<!-- \n[KWMs_splash style=\"light-boxed\" width=\"480\" opacity=\"80\" onclick=\"close-bg\" url=\"\" delay=\"0\" esc=\"yes\" close=\"yes\" once=\"no\"]Sch\u00f6n, dass Sie hierher gefunden haben. Unser Reiseblog ist noch im Aufbau. Trotzdem hoffen wir, dass Sie hier viele Informationen finden.\nWer m\u00f6chte, der kann auch gerne mit uns (und anderen) \u00fcber Facebook Informationen \u00fcber seine Reisen austauschen.\nDanke und viele Gr\u00fc\u00dfe\nUK Waldmann[\/KWMs_splash]\n-->\n\n\n\n\n\n<div class=\"wp-block-columns is-layout-flex wp-container-core-columns-is-layout-9d6595d7 wp-block-columns-is-layout-flex\">\n<div class=\"wp-block-column is-layout-flow wp-block-column-is-layout-flow\">\n<p>Hallo zusammen, <\/p>\n\n\n\n<p>Willkommen auf unserem Reiseblog! Hier sammeln wir Touren, Tipps und viele Fotos von unterwegs \u2013 von K\u00fcstenpfaden bis Heidelandschaften. Such Dir \u00fcber das Men\u00fc oben eine Region aus oder st\u00f6bere in den neuesten Beitr\u00e4gen.<\/p>\n\n\n\n<p>Eigentlich wollten wir zu Beginn der 90er immer nach Neuseeland fahren. Bei den vorbereitenden Planungen mussten wir aber sehr schnell feststellen, dass Personen, welche aus beruflichen Gr\u00fcnden ewig Schulpflichtig sind kaum eine Gelegenheit finden werden Neuseeland zu besuchen, da die f\u00fcr Neuseeland g\u00fcnstigste Reisezeit bei uns die Winterzeit w\u00e4re, die Weihnachtsferien daf\u00fcr aber zu kurz sind, wird das wohl f\u00fcr uns vorerst ein Traum bleiben. <br>So haben wir uns dann entschlossen 1991 den Grand Canyon im Westen der USA zu besuchen. Diese Reise hat uns so viel Neues offenbart, dass wir zwischenzeitlich in Summe schon ein Jahr dort verbracht haben.<\/p>\n\n\n\n<p>Reisen in andere L\u00e4nder folgten. Wir sind nicht die Typen von Urlaubern, welche sich 14 Tage zur Erholung an den Strand legen. Immer in Bewegung versuchen wir unser Wissen \u00fcber Menschen, V\u00f6lker und Natur zu erweitern.<br>Nachfolgend m\u00f6chten wir von diesem, unserem angesammelten Wissen und die dabei sehr zahlreich entstandenen Bilder etwas weitergeben und berichten was wir so alles erlebt und gesehen haben.<\/p>\n<\/div>\n\n\n\n<div class=\"wp-block-column is-layout-flow wp-block-column-is-layout-flow\">\n<p><br><\/p>\n\n\n\n<p><\/p>\n\n\n\n<p><\/p>\n\n\n\n<p><\/p>\n\n\n\n<div class=\"su-quote su-quote-style-default UKWsSU_quote_M su-quote-has-cite\"><div class=\"su-quote-inner su-u-clearfix su-u-trim\">\u201eDie gr\u00f6\u00dfte Sehensw\u00fcrdigkeit, die es gibt, ist die Welt. Sieh sie dir an.\u201c<span class=\"su-quote-cite\">Kurt Tucholsky<\/span><\/div><\/div>\n<\/div>\n<\/div>\n\n\n\n<p><\/p>\n\n\n\n<p class=\"has-text-align-left\"><strong><em>Diese Web-Site soll kein Reisehandbuch sein<\/em><\/strong>. Mit unseren Geschichten und Bildern m\u00f6chten wir sie f\u00fcr den Westen der USA und andere L\u00e4nder begeistern und Ihnen Tipps geben die Sie sonst kaum finden werden.                                    <\/p>\n\n\n\n<p class=\"has-text-align-left\">Nun viel Spa\u00df beim Schm\u00f6kern auf unseren Seiten<br>w\u00fcnschen Euch<br><br>Uschi &amp; Klaus Waldmann<\/p>\n\n\n\n<p class=\"has-text-align-center has-primary-color has-text-color has-background has-medium-font-size\" style=\"background-color:#f5e5e0\"><strong>UKWs Reisen: Unsere neusten Beitr\u00e4ge:<\/strong><\/p>\n\n\n<div class=\"wp-block-themezee-magazine-blocks-grid tz-magazine-block \"><div class=\"tz-magazine-grid-columns tz-magazine-grid-columns-4\"><div class=\"tz-post-wrap\"><article id=\"post-6729\" class=\"tz-magazine-post post-6729 post tz-type-post status-publish format-standard has-post-thumbnail hentry category-europa category-gb-kanalinsel category-sark tag-post_sark\"><figure class=\"tz-entry-image entry-image\"><a href=\"https:\/\/uk-waldmann.de\/WP\/reisen\/sark-inselmomente-zwischen-felsen-ruhe\/\" rel=\"bookmark\"><img loading=\"lazy\" decoding=\"async\" width=\"150\" height=\"150\" src=\"https:\/\/uk-waldmann.de\/WP\/reisen\/wp-content\/uploads\/sites\/12\/2025\/08\/nggallery_import\/2005_Cornwall-Sark_0618-150x150.jpg\" class=\"attachment-thumbnail size-thumbnail wp-post-image\" alt=\"\" \/><\/a><\/figure><header class=\"tz-entry-header entry-header\"><h2 class=\"tz-entry-title entry-title\"><a href=\"https:\/\/uk-waldmann.de\/WP\/reisen\/sark-inselmomente-zwischen-felsen-ruhe\/\" rel=\"bookmark\">Sark-Home<\/a><\/h2><\/header><div class=\"tz-entry-content entry-content\"><p>Sark \u2013 Inselmomente zwischen Felsen &amp; Ruhe &nbsp; Kurz-Intro in 2\u20133 S\u00e4tzen: Was macht Sark f\u00fcr euch besonders? (Bootsanreise, Auto-frei, K\u00fcstenpfade, Hotel Stocks\u2026) \u00dcberblick &amp; <span class=\"tz-excerpt-more\">[&hellip;]<\/span><\/p><p class=\"tz-read-more read-more\"><a href=\"https:\/\/uk-waldmann.de\/WP\/reisen\/sark-inselmomente-zwischen-felsen-ruhe\/\" class=\"tz-more-link more-link\" rel=\"bookmark\">Beitrag weiterlesen<\/a><\/p><\/div><\/article><\/div><div class=\"tz-post-wrap\"><article id=\"post-6155\" class=\"tz-magazine-post post-6155 post tz-type-post status-publish format-standard has-post-thumbnail hentry category-europa category-staedtereisen tag-blauegewoelbe tag-post_dresden tag-schloss tag-semperoper tag-zwinger\"><figure class=\"tz-entry-image entry-image\"><a href=\"https:\/\/uk-waldmann.de\/WP\/reisen\/dresden-entwurf\/\" rel=\"bookmark\"><img loading=\"lazy\" decoding=\"async\" width=\"150\" height=\"150\" src=\"https:\/\/uk-waldmann.de\/WP\/reisen\/wp-content\/uploads\/sites\/12\/2025\/01\/nggallery_import\/2022-07-15_Dresden_091-cc-150x150.jpg\" class=\"attachment-thumbnail size-thumbnail wp-post-image\" alt=\"\" \/><\/a><\/figure><header class=\"tz-entry-header entry-header\"><h2 class=\"tz-entry-title entry-title\"><a href=\"https:\/\/uk-waldmann.de\/WP\/reisen\/dresden-entwurf\/\" rel=\"bookmark\">Dresden (Entwurf)<\/a><\/h2><\/header><div class=\"tz-entry-content entry-content\"><p>Eigentlich wollten wir Dresden ja schon bei unserem Aufenthalt im Elbsandsteingebirge einen Besuch abstatten. Leider hat die Zeit da nicht gereicht. So haben wir uns <span class=\"tz-excerpt-more\">[&hellip;]<\/span><\/p><p class=\"tz-read-more read-more\"><a href=\"https:\/\/uk-waldmann.de\/WP\/reisen\/dresden-entwurf\/\" class=\"tz-more-link more-link\" rel=\"bookmark\">Beitrag weiterlesen<\/a><\/p><\/div><\/article><\/div><div class=\"tz-post-wrap\"><article id=\"post-5373\" class=\"tz-magazine-post post-5373 post tz-type-post status-publish format-standard has-post-thumbnail hentry category-deutschland category-schwaebische-alb tag-blaubeuern tag-blautopf tag-post_blaubeuern tag-post_schwaebische-alb tag-schoenelau\"><figure class=\"tz-entry-image entry-image\"><a href=\"https:\/\/uk-waldmann.de\/WP\/reisen\/schwabische-alb-blaubeuren\/\" rel=\"bookmark\"><img loading=\"lazy\" decoding=\"async\" width=\"150\" height=\"150\" src=\"https:\/\/uk-waldmann.de\/WP\/reisen\/wp-content\/uploads\/sites\/12\/2023\/02\/nggallery_import\/HP_2021-09-30_SchwaebischeAlb_014-150x150.jpg\" class=\"attachment-thumbnail size-thumbnail wp-post-image\" alt=\"\" \/><\/a><\/figure><header class=\"tz-entry-header entry-header\"><h2 class=\"tz-entry-title entry-title\"><a href=\"https:\/\/uk-waldmann.de\/WP\/reisen\/schwabische-alb-blaubeuren\/\" rel=\"bookmark\">Schw\u00e4bische Alb &#8211; Blaubeuren (Draft)<\/a><\/h2><\/header><div class=\"tz-entry-content entry-content\"><p>Wandern in der Schw\u00e4bischen Alb. Rund um den Blautopf. <span class=\"tz-excerpt-more\">[&hellip;]<\/span><\/p><p class=\"tz-read-more read-more\"><a href=\"https:\/\/uk-waldmann.de\/WP\/reisen\/schwabische-alb-blaubeuren\/\" class=\"tz-more-link more-link\" rel=\"bookmark\">Beitrag weiterlesen<\/a><\/p><\/div><\/article><\/div><div class=\"tz-post-wrap\"><article id=\"post-6399\" class=\"tz-magazine-post post-6399 post tz-type-post status-publish format-standard has-post-thumbnail hentry category-europa category-gb-suedengland tag-post_bournemouth\"><figure class=\"tz-entry-image entry-image\"><a href=\"https:\/\/uk-waldmann.de\/WP\/reisen\/bournemouth\/\" rel=\"bookmark\"><img loading=\"lazy\" decoding=\"async\" width=\"150\" height=\"150\" src=\"https:\/\/uk-waldmann.de\/WP\/reisen\/wp-content\/uploads\/sites\/12\/2025\/07\/nggallery_import\/201309_Poole_14_IMG_0056-150x150.jpg\" class=\"attachment-thumbnail size-thumbnail wp-post-image\" alt=\"\" \/><\/a><\/figure><header class=\"tz-entry-header entry-header\"><h2 class=\"tz-entry-title entry-title\"><a href=\"https:\/\/uk-waldmann.de\/WP\/reisen\/bournemouth\/\" rel=\"bookmark\">Bournemouth<\/a><\/h2><\/header><div class=\"tz-entry-content entry-content\"><p>Diese Seite befindet sich im Aufbau. Hier finden Sie Informationen, vor allem aus den Klassenfahrten der Wirtschaftsschule Erlangen nach Bournemouth, Christchurch und Pool sowie Umgebung. <span class=\"tz-excerpt-more\">[&hellip;]<\/span><\/p><p class=\"tz-read-more read-more\"><a href=\"https:\/\/uk-waldmann.de\/WP\/reisen\/bournemouth\/\" class=\"tz-more-link more-link\" rel=\"bookmark\">Beitrag weiterlesen<\/a><\/p><\/div><\/article><\/div><\/div><\/div>\n\n\n<p><\/p>\n","protected":false},"excerpt":{"rendered":"<p>Hallo zusammen, Willkommen auf unserem Reiseblog! Hier sammeln wir Touren, Tipps und viele Fotos von unterwegs \u2013 von K\u00fcstenpfaden bis Heidelandschaften. Such Dir \u00fcber das [&#8230;]<\/p>\n","protected":false},"author":1,"featured_media":0,"parent":0,"menu_order":0,"comment_status":"closed","ping_status":"closed","template":"templates\/template-sidebar-right.php","meta":{"_lmt_disableupdate":"","_lmt_disable":"","ngg_post_thumbnail":0,"footnotes":""},"class_list":["post-2","page","type-page","status-publish","hentry"],"_links":{"self":[{"href":"https:\/\/uk-waldmann.de\/WP\/reisen\/wp-json\/wp\/v2\/pages\/2","targetHints":{"allow":["GET"]}}],"collection":[{"href":"https:\/\/uk-waldmann.de\/WP\/reisen\/wp-json\/wp\/v2\/pages"}],"about":[{"href":"https:\/\/uk-waldmann.de\/WP\/reisen\/wp-json\/wp\/v2\/types\/page"}],"author":[{"embeddable":true,"href":"https:\/\/uk-waldmann.de\/WP\/reisen\/wp-json\/wp\/v2\/users\/1"}],"replies":[{"embeddable":true,"href":"https:\/\/uk-waldmann.de\/WP\/reisen\/wp-json\/wp\/v2\/comments?post=2"}],"version-history":[{"count":127,"href":"https:\/\/uk-waldmann.de\/WP\/reisen\/wp-json\/wp\/v2\/pages\/2\/revisions"}],"predecessor-version":[{"id":6895,"href":"https:\/\/uk-waldmann.de\/WP\/reisen\/wp-json\/wp\/v2\/pages\/2\/revisions\/6895"}],"wp:attachment":[{"href":"https:\/\/uk-waldmann.de\/WP\/reisen\/wp-json\/wp\/v2\/media?parent=2"}],"curies":[{"name":"wp","href":"https:\/\/api.w.org\/{rel}","templated":true}]}}

<div class="sue-splash" data-once="no" data-cookie="sue_splash_e54d113ced420966ddd65d194d8230ef" data-esc="yes" data-close="yes" data-onclick="close-bg" data-url="" data-opacity="0.8" data-width="480" data-style="sue-splash-style-light-boxed" data-delay="0"><div class="sue-splash-screen su-u-trim">Schön, dass Sie hierher gefunden haben. Unser Reiseblog ist noch im Aufbau. Trotzdem hoffen wir, dass Sie hier viele Informationen finden.<br>Wer möchte, der kann auch gerne mit uns (und anderen) über Facebook Informationen über seine Reisen austauschen.<br>Danke und viele Grüße<br>UK Waldmann</div></div>



<!-- 
[KWMs_splash style="light-boxed" width="480" opacity="80" onclick="close-bg" url="" delay="0" esc="yes" close="yes" once="no"]Schön, dass Sie hierher gefunden haben. Unser Reiseblog ist noch im Aufbau. Trotzdem hoffen wir, dass Sie hier viele Informationen finden.
Wer möchte, der kann auch gerne mit uns (und anderen) über Facebook Informationen über seine Reisen austauschen.
Danke und viele Grüße
UK Waldmann[/KWMs_splash]
-->





<div class="wp-block-columns is-layout-flex wp-container-core-columns-is-layout-9d6595d7 wp-block-columns-is-layout-flex">
<div class="wp-block-column is-layout-flow wp-block-column-is-layout-flow">
<p>Hallo zusammen, </p>



<p>Willkommen auf unserem Reiseblog! Hier sammeln wir Touren, Tipps und viele Fotos von unterwegs – von Küstenpfaden bis Heidelandschaften. Such Dir über das Menü oben eine Region aus oder stöbere in den neuesten Beiträgen.</p>



<p>Eigentlich wollten wir zu Beginn der 90er immer nach Neuseeland fahren. Bei den vorbereitenden Planungen mussten wir aber sehr schnell feststellen, dass Personen, welche aus beruflichen Gründen ewig Schulpflichtig sind kaum eine Gelegenheit finden werden Neuseeland zu besuchen, da die für Neuseeland günstigste Reisezeit bei uns die Winterzeit wäre, die Weihnachtsferien dafür aber zu kurz sind, wird das wohl für uns vorerst ein Traum bleiben. <br>So haben wir uns dann entschlossen 1991 den Grand Canyon im Westen der USA zu besuchen. Diese Reise hat uns so viel Neues offenbart, dass wir zwischenzeitlich in Summe schon ein Jahr dort verbracht haben.</p>



<p>Reisen in andere Länder folgten. Wir sind nicht die Typen von Urlaubern, welche sich 14 Tage zur Erholung an den Strand legen. Immer in Bewegung versuchen wir unser Wissen über Menschen, Völker und Natur zu erweitern.<br>Nachfolgend möchten wir von diesem, unserem angesammelten Wissen und die dabei sehr zahlreich entstandenen Bilder etwas weitergeben und berichten was wir so alles erlebt und gesehen haben.</p>
</div>



<div class="wp-block-column is-layout-flow wp-block-column-is-layout-flow">
<p><br></p>



<p></p>



<p></p>



<p></p>



<div class="su-quote su-quote-style-default UKWsSU_quote_M su-quote-has-cite"><div class="su-quote-inner su-u-clearfix su-u-trim">„Die größte Sehenswürdigkeit, die es gibt, ist die Welt. Sieh sie dir an.“<span class="su-quote-cite">Kurt Tucholsky</span></div></div>
</div>
</div>



<p></p>



<p class="has-text-align-left"><strong><em>Diese Web-Site soll kein Reisehandbuch sein</em></strong>. Mit unseren Geschichten und Bildern möchten wir sie für den Westen der USA und andere Länder begeistern und Ihnen Tipps geben die Sie sonst kaum finden werden.                                    </p>



<p class="has-text-align-left">Nun viel Spaß beim Schmökern auf unseren Seiten<br>wünschen Euch<br><br>Uschi &amp; Klaus Waldmann</p>



<p class="has-text-align-center has-primary-color has-text-color has-background has-medium-font-size" style="background-color:#f5e5e0"><strong>UKWs Reisen: Unsere neusten Beiträge:</strong></p>


<div class="wp-block-themezee-magazine-blocks-grid tz-magazine-block "><div class="tz-magazine-grid-columns tz-magazine-grid-columns-4"><div class="tz-post-wrap"><article id="post-6729" class="tz-magazine-post post-6729 post tz-type-post status-publish format-standard has-post-thumbnail hentry category-europa category-gb-kanalinsel category-sark tag-post_sark"><figure class="tz-entry-image entry-image"><a href="https://uk-waldmann.de/WP/reisen/sark-inselmomente-zwischen-felsen-ruhe/" rel="bookmark"><img loading="lazy" decoding="async" width="150" height="150" src="https://uk-waldmann.de/WP/reisen/wp-content/uploads/sites/12/2025/08/nggallery_import/2005_Cornwall-Sark_0618-150x150.jpg" class="attachment-thumbnail size-thumbnail wp-post-image" alt="" /></a></figure><header class="tz-entry-header entry-header"><h2 class="tz-entry-title entry-title"><a href="https://uk-waldmann.de/WP/reisen/sark-inselmomente-zwischen-felsen-ruhe/" rel="bookmark">Sark-Home</a></h2></header><div class="tz-entry-content entry-content"><p>Sark – Inselmomente zwischen Felsen &amp; Ruhe &nbsp; Kurz-Intro in 2–3 Sätzen: Was macht Sark für euch besonders? (Bootsanreise, Auto-frei, Küstenpfade, Hotel Stocks…) Überblick &amp; <span class="tz-excerpt-more">[&hellip;]</span></p><p class="tz-read-more read-more"><a href="https://uk-waldmann.de/WP/reisen/sark-inselmomente-zwischen-felsen-ruhe/" class="tz-more-link more-link" rel="bookmark">Beitrag weiterlesen</a></p></div></article></div><div class="tz-post-wrap"><article id="post-6155" class="tz-magazine-post post-6155 post tz-type-post status-publish format-standard has-post-thumbnail hentry category-europa category-staedtereisen tag-blauegewoelbe tag-post_dresden tag-schloss tag-semperoper tag-zwinger"><figure class="tz-entry-image entry-image"><a href="https://uk-waldmann.de/WP/reisen/dresden-entwurf/" rel="bookmark"><img loading="lazy" decoding="async" width="150" height="150" src="https://uk-waldmann.de/WP/reisen/wp-content/uploads/sites/12/2025/01/nggallery_import/2022-07-15_Dresden_091-cc-150x150.jpg" class="attachment-thumbnail size-thumbnail wp-post-image" alt="" /></a></figure><header class="tz-entry-header entry-header"><h2 class="tz-entry-title entry-title"><a href="https://uk-waldmann.de/WP/reisen/dresden-entwurf/" rel="bookmark">Dresden (Entwurf)</a></h2></header><div class="tz-entry-content entry-content"><p>Eigentlich wollten wir Dresden ja schon bei unserem Aufenthalt im Elbsandsteingebirge einen Besuch abstatten. Leider hat die Zeit da nicht gereicht. So haben wir uns <span class="tz-excerpt-more">[&hellip;]</span></p><p class="tz-read-more read-more"><a href="https://uk-waldmann.de/WP/reisen/dresden-entwurf/" class="tz-more-link more-link" rel="bookmark">Beitrag weiterlesen</a></p></div></article></div><div class="tz-post-wrap"><article id="post-5373" class="tz-magazine-post post-5373 post tz-type-post status-publish format-standard has-post-thumbnail hentry category-deutschland category-schwaebische-alb tag-blaubeuern tag-blautopf tag-post_blaubeuern tag-post_schwaebische-alb tag-schoenelau"><figure class="tz-entry-image entry-image"><a href="https://uk-waldmann.de/WP/reisen/schwabische-alb-blaubeuren/" rel="bookmark"><img loading="lazy" decoding="async" width="150" height="150" src="https://uk-waldmann.de/WP/reisen/wp-content/uploads/sites/12/2023/02/nggallery_import/HP_2021-09-30_SchwaebischeAlb_014-150x150.jpg" class="attachment-thumbnail size-thumbnail wp-post-image" alt="" /></a></figure><header class="tz-entry-header entry-header"><h2 class="tz-entry-title entry-title"><a href="https://uk-waldmann.de/WP/reisen/schwabische-alb-blaubeuren/" rel="bookmark">Schwäbische Alb &#8211; Blaubeuren (Draft)</a></h2></header><div class="tz-entry-content entry-content"><p>Wandern in der Schwäbischen Alb. Rund um den Blautopf. <span class="tz-excerpt-more">[&hellip;]</span></p><p class="tz-read-more read-more"><a href="https://uk-waldmann.de/WP/reisen/schwabische-alb-blaubeuren/" class="tz-more-link more-link" rel="bookmark">Beitrag weiterlesen</a></p></div></article></div><div class="tz-post-wrap"><article id="post-6399" class="tz-magazine-post post-6399 post tz-type-post status-publish format-standard has-post-thumbnail hentry category-europa category-gb-suedengland tag-post_bournemouth"><figure class="tz-entry-image entry-image"><a href="https://uk-waldmann.de/WP/reisen/bournemouth/" rel="bookmark"><img loading="lazy" decoding="async" width="150" height="150" src="https://uk-waldmann.de/WP/reisen/wp-content/uploads/sites/12/2025/07/nggallery_import/201309_Poole_14_IMG_0056-150x150.jpg" class="attachment-thumbnail size-thumbnail wp-post-image" alt="" /></a></figure><header class="tz-entry-header entry-header"><h2 class="tz-entry-title entry-title"><a href="https://uk-waldmann.de/WP/reisen/bournemouth/" rel="bookmark">Bournemouth</a></h2></header><div class="tz-entry-content entry-content"><p>Diese Seite befindet sich im Aufbau. Hier finden Sie Informationen, vor allem aus den Klassenfahrten der Wirtschaftsschule Erlangen nach Bournemouth, Christchurch und Pool sowie Umgebung. <span class="tz-excerpt-more">[&hellip;]</span></p><p class="tz-read-more read-more"><a href="https://uk-waldmann.de/WP/reisen/bournemouth/" class="tz-more-link more-link" rel="bookmark">Beitrag weiterlesen</a></p></div></article></div></div></div>


<p></p>

<p>Hallo zusammen, Willkommen auf unserem Reiseblog! Hier sammeln wir Touren, Tipps und viele Fotos von unterwegs – von Küstenpfaden bis Heidelandschaften. Such Dir über das [&#8230;]</p>
