{"id":2216,"date":"2020-06-03T20:56:46","date_gmt":"2020-06-03T18:56:46","guid":{"rendered":"http:\/\/uk-waldmann.de\/WP\/reisen\/?page_id=2216"},"modified":"2025-05-18T21:37:25","modified_gmt":"2025-05-18T19:37:25","slug":"kanalinseln","status":"publish","type":"page","link":"https:\/\/uk-waldmann.de\/WP\/reisen\/europa\/gb\/kanalinseln\/","title":{"rendered":"Kanalinseln"},"content":{"rendered":"\n<p>Eigentlich wollte meine Frau urspr\u00fcnglich einen Urlaub auf eine griechische Insel unternehmen, und ich wollte nach Schottland. Damals, in der Vor-Internet Zeit, bevor das World Wide Web seinen Siegeszug angetreten hatte. Zu dieser Zeit war es noch \u00fcblich in ein Reiseb\u00fcro zu gehen, verschiedene Kataloge mitzunehmen und diese dann zuhause in aller Ruhe durchzubl\u00e4ttern um sich f\u00fcr ein Ziel zu entscheiden.<br>Hierbei entdeckten wir dann eine kleine Inselgruppe im \u00c4rmelkanal. Ganz nahe bei Frankreich, in der Bucht von Saint-Malo.<br>Die Beschreibung klang fantastisch:<br><\/p>\n\n\n\n<div class=\"wp-block-columns is-layout-flex wp-container-core-columns-is-layout-9d6595d7 wp-block-columns-is-layout-flex\">\n<div class=\"wp-block-column is-layout-flow wp-block-column-is-layout-flow\">\n<figure class=\"wp-block-pullquote alignleft is-style-default has-border-color has-primary-color has-text-color\" style=\"border-color:#74250c\"><blockquote><p>St\u00fccke Frankreichs, die ins Meer gefallen sind und von England aufgelesen wurden,,,<\/p><cite>Victor Hugo (1802-1885)<\/cite><\/blockquote><\/figure>\n\n\n\n<p><\/p>\n\n\n\n<p><\/p>\n\n\n\n<p><\/p>\n<\/div>\n\n\n\n<div class=\"wp-block-column is-layout-flow wp-block-column-is-layout-flow\">\n<p>Malerische St\u00e4dte, wildromantische Steilklippen, ausgedehnte Sandstr\u00e4nde, alte Herrenh\u00e4user und idyllische G\u00e4rten \u2013 die Kanalinseln zwischen Frankreich und Gro\u00dfbritannien haben eine Vielzahl landschaftlicher Attraktionen und kultureller Highlights zu bieten.<br \/>So stand es im Reisekatalog.&nbsp;<br \/>Wir waren uns einig, da wollen wir hin.<\/p>\n\n\n\n<p><\/p>\n<\/div>\n<\/div>\n\n\n\n<p>Der warme Golfstrom sorgt auf den Kanalinseln f\u00fcr sonnig-mediterranes Klima, vor allem im Winter. In der Natur wachsen Str\u00e4ucher und Blumen, welche bei uns den Winter im Freien nicht \u00fcberleben. Verbunden mit einer besonderen Mischung aus franz\u00f6sischer und britischer Lebensart \u2013 Kultur, Architektur und K\u00fcche, welche das Beste aus beiden L\u00e4ndern vereint.<\/p>\n\n\n\n<p>Zwischenzeitlich haben wir diese Inselgruppe lieb gewonnen und mehrfach besucht.<\/p>\n\n\n<h4>Die Geschichte der Kanalinseln&nbsp;<\/h4>\n<p>932 wurden die Kanalinseln Teil des Herzogtums Normandie. Als 1066 Normannenherzog Wilhelm der Eroberer auf den englischen Thron steigt, ist die Unabh\u00e4ngigkeit der Kanalinseln von Gro\u00dfbritannien besiegelt. Doch die Insulaner sind stolz auf ihre normannischen Wurzeln und weil der K\u00f6nig Englands immer auch Herzog der Normandie ist, betrachten sie die Queen als ihr Oberhaupt. Die Kanalinseln sind in die Amtsbezirke Jersey und&nbsp;<a title=\"Ferienwohnung Guernsey\" href=\"https:\/\/www.england.de\/england\/ferienwohnung-guernsey\">Guernsey<\/a>&nbsp;unterteilt.<\/p>\n<p>Beide Amtsbezirke haben eigene Parlamente, welche States genannt werden. Als Kronbesitz sind sie der britischen Krone unterstellt und lassen sich in wichtigen Fragen der Au\u00dfen- und Verteidigungspolitik von Gro\u00dfbritannien vertreten. Ansonsten existieren eigene Verwaltungen, eigene Postwertzeichen und eine eigene W\u00e4hrung.<\/p>\n<p style=\"text-align: right; font-size: 60%;\">(Quelle, Geschichte der Kanalinseln: <a href=\"https:\/\/www.england.de\/england\/urlaub-auf-den-kanalinseln\">Jersey und Guernsey (england.de)<\/a> )<\/p>\n<p>Wer weitere Informationen \u00fcber die Kanalinseln findet wird auch unter nachfolgenden Links f\u00fcndig:<\/p>\n\n\n<p><\/p>\n","protected":false},"excerpt":{"rendered":"<p>Eigentlich wollte meine Frau urspr\u00fcnglich einen Urlaub auf eine griechische Insel unternehmen, und ich wollte nach Schottland. Damals, in der Vor-Internet Zeit, bevor das World [&#8230;]<\/p>\n","protected":false},"author":1,"featured_media":0,"parent":1672,"menu_order":112,"comment_status":"closed","ping_status":"closed","template":"templates\/template-sidebar-right.php","meta":{"_lmt_disableupdate":"","_lmt_disable":"","ngg_post_thumbnail":0,"footnotes":""},"class_list":["post-2216","page","type-page","status-publish","hentry"],"_links":{"self":[{"href":"https:\/\/uk-waldmann.de\/WP\/reisen\/wp-json\/wp\/v2\/pages\/2216","targetHints":{"allow":["GET"]}}],"collection":[{"href":"https:\/\/uk-waldmann.de\/WP\/reisen\/wp-json\/wp\/v2\/pages"}],"about":[{"href":"https:\/\/uk-waldmann.de\/WP\/reisen\/wp-json\/wp\/v2\/types\/page"}],"author":[{"embeddable":true,"href":"https:\/\/uk-waldmann.de\/WP\/reisen\/wp-json\/wp\/v2\/users\/1"}],"replies":[{"embeddable":true,"href":"https:\/\/uk-waldmann.de\/WP\/reisen\/wp-json\/wp\/v2\/comments?post=2216"}],"version-history":[{"count":32,"href":"https:\/\/uk-waldmann.de\/WP\/reisen\/wp-json\/wp\/v2\/pages\/2216\/revisions"}],"predecessor-version":[{"id":6412,"href":"https:\/\/uk-waldmann.de\/WP\/reisen\/wp-json\/wp\/v2\/pages\/2216\/revisions\/6412"}],"up":[{"embeddable":true,"href":"https:\/\/uk-waldmann.de\/WP\/reisen\/wp-json\/wp\/v2\/pages\/1672"}],"wp:attachment":[{"href":"https:\/\/uk-waldmann.de\/WP\/reisen\/wp-json\/wp\/v2\/media?parent=2216"}],"curies":[{"name":"wp","href":"https:\/\/api.w.org\/{rel}","templated":true}]}}