{"id":2232,"date":"2020-06-04T13:08:10","date_gmt":"2020-06-04T11:08:10","guid":{"rendered":"http:\/\/uk-waldmann.de\/WP\/reisen\/?page_id=2232"},"modified":"2026-04-04T10:20:10","modified_gmt":"2026-04-04T08:20:10","slug":"staedtereisen","status":"publish","type":"page","link":"https:\/\/uk-waldmann.de\/WP\/reisen\/staedtereisen\/","title":{"rendered":"St\u00e4dtereisen"},"content":{"rendered":"\n<p>Viele Ziele haben wir ausgesucht um uns dort, meist durch wandern, zu erholen.  Ab und zu besuchten wir aber auch St\u00e4dte um hier Kultur Land und Leute kennen zu lernen.<br>Da eine Einordnung in unsere Reisel\u00e4nder und Regionen oft schwierig und manchmal nicht sinnvoll ist versuchten wir das Problem dadurch zu l\u00f6sen, hier einen extra Men\u00fcpunkt \u00fcber St\u00e4dtereisen einzuf\u00fchren.<\/p>\n\n\n\n<div class=\"wp-block-columns is-layout-flex wp-container-core-columns-is-layout-9d6595d7 wp-block-columns-is-layout-flex\">\n<div class=\"wp-block-column is-layout-flow wp-block-column-is-layout-flow\">\n<p>Hier eine Auswahl von Reisezielen, welche vor allem unter der Rubrik St\u00e4dtereisen eingeordnet sind:<\/p>\n<ul>\n<li>Berlin (Deutschland)<\/li>\n<li>Rom (Italien)<\/li>\n<li>Lissabon (Portugal)<\/li>\n<li>Salzburg (\u00d6sterreich)<\/li>\n<li>Wien (\u00d6sterreich)<\/li>\n<\/ul>\n<p>&nbsp;<\/p>\n<\/div>\n\n\n\n<div class=\"wp-block-column is-layout-flow wp-block-column-is-layout-flow\">\nngg_shortcode_0_placeholder\n<\/div>\n<\/div>\n\n\n\n<p class=\"has-text-align-center has-primary-color has-text-color has-background has-medium-font-size\" style=\"background-color:#f5e5e0\"><strong>Unsere neusten Beitr\u00e4ge in der Rubrik St\u00e4dtereisen:<\/strong><\/p>\n\n\n<div class=\"wp-block-themezee-magazine-blocks-list tz-magazine-block \"><div class=\"tz-magazine-list tz-magazine-list-30-70\"><div class=\"tz-post-wrap\"><article id=\"post-6155\" class=\"tz-magazine-post post-6155 post tz-type-post status-publish format-standard has-post-thumbnail hentry category-europa category-staedtereisen tag-blauegewoelbe tag-post_dresden tag-schloss tag-semperoper tag-zwinger\"><div class=\"tz-post-image\"><figure class=\"tz-entry-image entry-image\"><a href=\"https:\/\/uk-waldmann.de\/WP\/reisen\/dresden-entwurf\/\" rel=\"bookmark\"><img loading=\"lazy\" decoding=\"async\" width=\"1200\" height=\"800\" src=\"https:\/\/uk-waldmann.de\/WP\/reisen\/wp-content\/uploads\/sites\/12\/2025\/01\/nggallery_import\/2022-07-15_Dresden_091-cc.JPG\" class=\"attachment-zeedynamic-thumbnail-large size-zeedynamic-thumbnail-large wp-post-image\" alt=\"\" \/><\/a><\/figure><\/div><div class=\"tz-post-content\"><header class=\"tz-entry-header entry-header\"><h2 class=\"tz-entry-title entry-title\"><a href=\"https:\/\/uk-waldmann.de\/WP\/reisen\/dresden-entwurf\/\" rel=\"bookmark\">Dresden (Entwurf)<\/a><\/h2><\/header><div class=\"tz-entry-content entry-content\"><p>Eigentlich wollten wir Dresden ja schon bei unserem Aufenthalt im Elbsandsteingebirge einen Besuch abstatten. Leider hat die Zeit da nicht gereicht. So haben wir uns <span class=\"tz-excerpt-more\">[&hellip;]<\/span><\/p><p class=\"tz-read-more read-more\"><a href=\"https:\/\/uk-waldmann.de\/WP\/reisen\/dresden-entwurf\/\" class=\"tz-more-link more-link\" rel=\"bookmark\">Beitrag lesen<\/a><\/p><\/div><\/div><\/article><\/div><div class=\"tz-post-wrap\"><article id=\"post-1777\" class=\"tz-magazine-post post-1777 post tz-type-post status-publish format-standard has-post-thumbnail hentry category-europa category-staedtereisen\"><div class=\"tz-post-image\"><figure class=\"tz-entry-image entry-image\"><a href=\"https:\/\/uk-waldmann.de\/WP\/reisen\/rom\/\" rel=\"bookmark\"><img loading=\"lazy\" decoding=\"async\" width=\"420\" height=\"280\" src=\"https:\/\/uk-waldmann.de\/WP\/reisen\/wp-content\/uploads\/sites\/12\/2019\/10\/20130526_ROMA_1701-420x280.jpg\" class=\"attachment-zeedynamic-thumbnail-large size-zeedynamic-thumbnail-large wp-post-image\" alt=\"\" \/><\/a><\/figure><\/div><div class=\"tz-post-content\"><header class=\"tz-entry-header entry-header\"><h2 class=\"tz-entry-title entry-title\"><a href=\"https:\/\/uk-waldmann.de\/WP\/reisen\/rom\/\" rel=\"bookmark\">Rom<\/a><\/h2><\/header><div class=\"tz-entry-content entry-content\"><p>Die ewige Stadt Termin : 26.05.13 bis 30.05.13 1. Tag: Linienflug&nbsp; nach&nbsp;Rom. Transfer zu Ihrem Hotel. 2. Tag: &nbsp;Ganzt\u00e4gigen Stadtbesichtigung unter dem Motto &quot;Im Zauber <span class=\"tz-excerpt-more\">[&hellip;]<\/span><\/p><p class=\"tz-read-more read-more\"><a href=\"https:\/\/uk-waldmann.de\/WP\/reisen\/rom\/\" class=\"tz-more-link more-link\" rel=\"bookmark\">Beitrag lesen<\/a><\/p><\/div><\/div><\/article><\/div><\/div><\/div>\n\n\n<p><\/p>\n","protected":false},"excerpt":{"rendered":"<p>Viele Ziele haben wir ausgesucht um uns dort, meist durch wandern, zu erholen. Ab und zu besuchten wir aber auch St\u00e4dte um hier Kultur Land [&#8230;]<\/p>\n","protected":false},"author":1,"featured_media":0,"parent":0,"menu_order":0,"comment_status":"closed","ping_status":"closed","template":"templates\/template-fullwidth.php","meta":{"_lmt_disableupdate":"","_lmt_disable":"","ngg_post_thumbnail":0,"footnotes":""},"class_list":["post-2232","page","type-page","status-publish","hentry"],"_links":{"self":[{"href":"https:\/\/uk-waldmann.de\/WP\/reisen\/wp-json\/wp\/v2\/pages\/2232","targetHints":{"allow":["GET"]}}],"collection":[{"href":"https:\/\/uk-waldmann.de\/WP\/reisen\/wp-json\/wp\/v2\/pages"}],"about":[{"href":"https:\/\/uk-waldmann.de\/WP\/reisen\/wp-json\/wp\/v2\/types\/page"}],"author":[{"embeddable":true,"href":"https:\/\/uk-waldmann.de\/WP\/reisen\/wp-json\/wp\/v2\/users\/1"}],"replies":[{"embeddable":true,"href":"https:\/\/uk-waldmann.de\/WP\/reisen\/wp-json\/wp\/v2\/comments?post=2232"}],"version-history":[{"count":7,"href":"https:\/\/uk-waldmann.de\/WP\/reisen\/wp-json\/wp\/v2\/pages\/2232\/revisions"}],"predecessor-version":[{"id":4779,"href":"https:\/\/uk-waldmann.de\/WP\/reisen\/wp-json\/wp\/v2\/pages\/2232\/revisions\/4779"}],"wp:attachment":[{"href":"https:\/\/uk-waldmann.de\/WP\/reisen\/wp-json\/wp\/v2\/media?parent=2232"}],"curies":[{"name":"wp","href":"https:\/\/api.w.org\/{rel}","templated":true}]}}

Städtereisen

<p>Viele Ziele haben wir ausgesucht um uns dort, meist durch wandern, zu erholen.  Ab und zu besuchten wir aber auch Städte um hier Kultur Land und Leute kennen zu lernen.<br>Da eine Einordnung in unsere Reiseländer und Regionen oft schwierig und manchmal nicht sinnvoll ist versuchten wir das Problem dadurch zu lösen, hier einen extra Menüpunkt über Städtereisen einzuführen.</p>



<div class="wp-block-columns is-layout-flex wp-container-core-columns-is-layout-9d6595d7 wp-block-columns-is-layout-flex">
<div class="wp-block-column is-layout-flow wp-block-column-is-layout-flow">
<p>Hier eine Auswahl von Reisezielen, welche vor allem unter der Rubrik Städtereisen eingeordnet sind:</p>
<ul>
<li>Berlin (Deutschland)</li>
<li>Rom (Italien)</li>
<li>Lissabon (Portugal)</li>
<li>Salzburg (Österreich)</li>
<li>Wien (Österreich)</li>
</ul>
<p>&nbsp;</p>
</div>



<div class="wp-block-column is-layout-flow wp-block-column-is-layout-flow">
ngg_shortcode_0_placeholder
</div>
</div>



<p class="has-text-align-center has-primary-color has-text-color has-background has-medium-font-size" style="background-color:#f5e5e0"><strong>Unsere neusten Beiträge in der Rubrik Städtereisen:</strong></p>


<div class="wp-block-themezee-magazine-blocks-list tz-magazine-block "><div class="tz-magazine-list tz-magazine-list-30-70"><div class="tz-post-wrap"><article id="post-6155" class="tz-magazine-post post-6155 post tz-type-post status-publish format-standard has-post-thumbnail hentry category-europa category-staedtereisen tag-blauegewoelbe tag-post_dresden tag-schloss tag-semperoper tag-zwinger"><div class="tz-post-image"><figure class="tz-entry-image entry-image"><a href="https://uk-waldmann.de/WP/reisen/dresden-entwurf/" rel="bookmark"><img loading="lazy" decoding="async" width="1200" height="800" src="https://uk-waldmann.de/WP/reisen/wp-content/uploads/sites/12/2025/01/nggallery_import/2022-07-15_Dresden_091-cc.JPG" class="attachment-zeedynamic-thumbnail-large size-zeedynamic-thumbnail-large wp-post-image" alt="" /></a></figure></div><div class="tz-post-content"><header class="tz-entry-header entry-header"><h2 class="tz-entry-title entry-title"><a href="https://uk-waldmann.de/WP/reisen/dresden-entwurf/" rel="bookmark">Dresden (Entwurf)</a></h2></header><div class="tz-entry-content entry-content"><p>Eigentlich wollten wir Dresden ja schon bei unserem Aufenthalt im Elbsandsteingebirge einen Besuch abstatten. Leider hat die Zeit da nicht gereicht. So haben wir uns <span class="tz-excerpt-more">[&hellip;]</span></p><p class="tz-read-more read-more"><a href="https://uk-waldmann.de/WP/reisen/dresden-entwurf/" class="tz-more-link more-link" rel="bookmark">Beitrag lesen</a></p></div></div></article></div><div class="tz-post-wrap"><article id="post-1777" class="tz-magazine-post post-1777 post tz-type-post status-publish format-standard has-post-thumbnail hentry category-europa category-staedtereisen"><div class="tz-post-image"><figure class="tz-entry-image entry-image"><a href="https://uk-waldmann.de/WP/reisen/rom/" rel="bookmark"><img loading="lazy" decoding="async" width="420" height="280" src="https://uk-waldmann.de/WP/reisen/wp-content/uploads/sites/12/2019/10/20130526_ROMA_1701-420x280.jpg" class="attachment-zeedynamic-thumbnail-large size-zeedynamic-thumbnail-large wp-post-image" alt="" /></a></figure></div><div class="tz-post-content"><header class="tz-entry-header entry-header"><h2 class="tz-entry-title entry-title"><a href="https://uk-waldmann.de/WP/reisen/rom/" rel="bookmark">Rom</a></h2></header><div class="tz-entry-content entry-content"><p>Die ewige Stadt Termin : 26.05.13 bis 30.05.13 1. Tag: Linienflug&nbsp; nach&nbsp;Rom. Transfer zu Ihrem Hotel. 2. Tag: &nbsp;Ganztägigen Stadtbesichtigung unter dem Motto &quot;Im Zauber <span class="tz-excerpt-more">[&hellip;]</span></p><p class="tz-read-more read-more"><a href="https://uk-waldmann.de/WP/reisen/rom/" class="tz-more-link more-link" rel="bookmark">Beitrag lesen</a></p></div></div></article></div></div></div>


<p></p>

<p>Viele Ziele haben wir ausgesucht um uns dort, meist durch wandern, zu erholen. Ab und zu besuchten wir aber auch Städte um hier Kultur Land [&#8230;]</p>
