{"id":43,"date":"2019-05-20T17:51:04","date_gmt":"2019-05-20T15:51:04","guid":{"rendered":"http:\/\/uk-waldmann.de\/WP\/reisen\/?page_id=43"},"modified":"2026-04-04T12:26:26","modified_gmt":"2026-04-04T10:26:26","slug":"planungen","status":"publish","type":"page","link":"https:\/\/uk-waldmann.de\/WP\/reisen\/planungen\/","title":{"rendered":"Planungen"},"content":{"rendered":"\n<p><\/p>\n\n\n\n<ul class=\"wp-block-list\">\n<li>Schweden Scheren<\/li>\n\n\n\n<li>S\u00fcdafrika<\/li>\n\n\n\n<li>Neapel &#8211; Almavik\u00fcste<\/li>\n\n\n\n<li>K\u00f6nigreich Jordanien<br>Berg Nebo, Jerash, Aqaba, Wadi Rum, Kerak Petra<\/li>\n\n\n\n<li>USA Nord-Osten (Indian Summer)<\/li>\n\n\n\n<li>USA Route 66<\/li>\n<\/ul>\n\n\n\n<p><\/p>\n\n\n\n<p class=\"has-large-font-size\">Asien<\/p>\n\n\n<p><img loading=\"lazy\" decoding=\"async\" class=\"alignleft\" src=\"https:\/\/upload.wikimedia.org\/wikipedia\/commons\/thumb\/6\/68\/Asia_on_the_globe_%28white-red%29.svg\/1200px-Asia_on_the_globe_%28white-red%29.svg.png\" alt=\"Asien \u2013 Wikipedia\" width=\"179\" height=\"179\">Bisher blieb uns dieser Erdteil gr\u00f6\u00dftenteils verschlossen. Australien und Neuseeland stehen aber ganz oben auf unserer Agenda f\u00fcr zuk\u00fcnftige Reisen.<br>China (Schanghai) und Singapur habe ich bisher nur dienstlich besucht. Nachfolg kann ich deshalb nur einen kurzen \u00dcberblick geben und meine Eindr\u00fccke dar\u00fcber schildern.<\/p>\n\n\n<hr class=\"wp-block-separator has-alpha-channel-opacity\"\/>\n\n\n\n<p class=\"has-large-font-size\">Afrika<\/p>\n\n\n<p><img loading=\"lazy\" decoding=\"async\" class=\"alignleft\" src=\"https:\/\/upload.wikimedia.org\/wikipedia\/commons\/9\/91\/Africa_on_the_globe_%28white-red%29.svg\" alt=\"Afrika \u2013 Wikipedia\" width=\"177\" height=\"177\">Bisher haben wir noch kein Land des Kontinents Afrika bereist.<br>Obwohl, so ganz richtig ist das nicht.<br>Sowohl die Kanarischen Inseln, als auch Maidera liegen auf der afrikanischen Kontinentalplatte \ud83d\ude09<\/p>\n\n\n<hr class=\"wp-block-separator has-alpha-channel-opacity\"\/>\n\n\n\n<p><\/p>\n","protected":false},"excerpt":{"rendered":"<p>Asien Bisher blieb uns dieser Erdteil gr\u00f6\u00dftenteils verschlossen. Australien und Neuseeland stehen aber ganz oben auf unserer Agenda f\u00fcr zuk\u00fcnftige Reisen.China (Schanghai) und Singapur habe [&#8230;]<\/p>\n","protected":false},"author":1,"featured_media":0,"parent":0,"menu_order":910,"comment_status":"closed","ping_status":"closed","template":"templates\/template-fullwidth.php","meta":{"_lmt_disableupdate":"no","_lmt_disable":"","ngg_post_thumbnail":0,"footnotes":""},"class_list":["post-43","page","type-page","status-publish","hentry"],"_links":{"self":[{"href":"https:\/\/uk-waldmann.de\/WP\/reisen\/wp-json\/wp\/v2\/pages\/43","targetHints":{"allow":["GET"]}}],"collection":[{"href":"https:\/\/uk-waldmann.de\/WP\/reisen\/wp-json\/wp\/v2\/pages"}],"about":[{"href":"https:\/\/uk-waldmann.de\/WP\/reisen\/wp-json\/wp\/v2\/types\/page"}],"author":[{"embeddable":true,"href":"https:\/\/uk-waldmann.de\/WP\/reisen\/wp-json\/wp\/v2\/users\/1"}],"replies":[{"embeddable":true,"href":"https:\/\/uk-waldmann.de\/WP\/reisen\/wp-json\/wp\/v2\/comments?post=43"}],"version-history":[{"count":8,"href":"https:\/\/uk-waldmann.de\/WP\/reisen\/wp-json\/wp\/v2\/pages\/43\/revisions"}],"predecessor-version":[{"id":6196,"href":"https:\/\/uk-waldmann.de\/WP\/reisen\/wp-json\/wp\/v2\/pages\/43\/revisions\/6196"}],"wp:attachment":[{"href":"https:\/\/uk-waldmann.de\/WP\/reisen\/wp-json\/wp\/v2\/media?parent=43"}],"curies":[{"name":"wp","href":"https:\/\/api.w.org\/{rel}","templated":true}]}}