{"id":6229,"date":"2025-03-26T18:18:58","date_gmt":"2025-03-26T17:18:58","guid":{"rendered":"https:\/\/uk-waldmann.de\/WP\/reisen\/?page_id=6229"},"modified":"2026-04-04T12:22:27","modified_gmt":"2026-04-04T10:22:27","slug":"hidden-gems","status":"publish","type":"page","link":"https:\/\/uk-waldmann.de\/WP\/reisen\/hidden-gems\/","title":{"rendered":"Hidden Gems"},"content":{"rendered":"\n<p>Verborgene Sch\u00e4tze, Pl\u00e4tze, Orte und Wege, welche nicht in jedem Reisef\u00fchrer zu finden sind, welche uns aber so gefallen haben, dass wir diesen hier einen separaten Platz einr\u00e4umen.<\/p>\n\n\n\n<p>Dazu geh\u00f6ren z.B:<\/p>\n\n\n\n<ul class=\"wp-block-list\">\n<li>Walnut Canyon<\/li>\n\n\n\n<li><\/li>\n<\/ul>\n","protected":false},"excerpt":{"rendered":"<p>Verborgene Sch\u00e4tze, Pl\u00e4tze, Orte und Wege, welche nicht in jedem Reisef\u00fchrer zu finden sind, welche uns aber so gefallen haben, dass wir diesen hier einen [&#8230;]<\/p>\n","protected":false},"author":1,"featured_media":0,"parent":0,"menu_order":0,"comment_status":"closed","ping_status":"closed","template":"templates\/template-fullwidth.php","meta":{"_lmt_disableupdate":"no","_lmt_disable":"","ngg_post_thumbnail":0,"footnotes":""},"class_list":["post-6229","page","type-page","status-publish","hentry"],"_links":{"self":[{"href":"https:\/\/uk-waldmann.de\/WP\/reisen\/wp-json\/wp\/v2\/pages\/6229","targetHints":{"allow":["GET"]}}],"collection":[{"href":"https:\/\/uk-waldmann.de\/WP\/reisen\/wp-json\/wp\/v2\/pages"}],"about":[{"href":"https:\/\/uk-waldmann.de\/WP\/reisen\/wp-json\/wp\/v2\/types\/page"}],"author":[{"embeddable":true,"href":"https:\/\/uk-waldmann.de\/WP\/reisen\/wp-json\/wp\/v2\/users\/1"}],"replies":[{"embeddable":true,"href":"https:\/\/uk-waldmann.de\/WP\/reisen\/wp-json\/wp\/v2\/comments?post=6229"}],"version-history":[{"count":1,"href":"https:\/\/uk-waldmann.de\/WP\/reisen\/wp-json\/wp\/v2\/pages\/6229\/revisions"}],"predecessor-version":[{"id":6230,"href":"https:\/\/uk-waldmann.de\/WP\/reisen\/wp-json\/wp\/v2\/pages\/6229\/revisions\/6230"}],"wp:attachment":[{"href":"https:\/\/uk-waldmann.de\/WP\/reisen\/wp-json\/wp\/v2\/media?parent=6229"}],"curies":[{"name":"wp","href":"https:\/\/api.w.org\/{rel}","templated":true}]}}