{"id":962,"date":"2019-08-09T11:37:56","date_gmt":"2019-08-09T09:37:56","guid":{"rendered":"http:\/\/uk-waldmann.de\/WP\/reisen\/?page_id=962"},"modified":"2026-04-04T12:24:49","modified_gmt":"2026-04-04T10:24:49","slug":"sued-west-1999","status":"publish","type":"page","link":"https:\/\/uk-waldmann.de\/WP\/reisen\/amerika\/sued-west-1999\/","title":{"rendered":"USA-West 1999"},"content":{"rendered":"\n<p class=\"has-text-color has-background\" style=\"color:#74250c;background-color:#e6bdb0\">Diese Seite befindet sich im Aufbau. Bilder und Texte werden z\u00fcgig erg\u00e4nzt<\/p>\n\n\n\n<p>unsere dritte Reise in den Westen der USA f\u00fchrt uns \u00fcber viele Nationalparks mit tollen Wanderungen bis zum H\u00f6hepunkt, der Durchquerung des Grand Canyon. Vom North Rim zum South Rim. Leider wurde aber nichts aus dem Plan, da Teile des Weges durch ein Unwetter kurz zuvor weggeschwemmt wurden, und die sogenannte &#8222;Box&#8220; nicht passierbar war.<\/p>\n\n\n\n<p>Unsere Route 1999:<\/p>\n\n\n\n<ul class=\"wp-block-list\">\n<li>Flug nach San Francisco<\/li>\n\n\n\n<li>Napa Vally<\/li>\n\n\n\n<li>Crater Lake N.P.<\/li>\n\n\n\n<li>Yosemite N.P.<\/li>\n\n\n\n<li>Death Vally N.P.<\/li>\n\n\n\n<li>Bryce Canyon N.P.<\/li>\n\n\n\n<li>Salt Lake City<\/li>\n\n\n\n<li>Moab<\/li>\n\n\n\n<li>Mesa Verde N.P.<\/li>\n\n\n\n<li>Taos<\/li>\n\n\n\n<li>Santa Fee<\/li>\n\n\n\n<li>Phoenix<\/li>\n\n\n\n<li>Sedona<\/li>\n\n\n\n<li>Grand Canyon N.P.<\/li>\n\n\n\n<li>Lake Havanasu City<\/li>\n\n\n\n<li>Santa Barbara<\/li>\n\n\n\n<li>R\u00fcckflug Los Angeles<\/li>\n<\/ul>\n\n\n\n<p><\/p>\n","protected":false},"excerpt":{"rendered":"<p>unsere dritte Reise in den Westen der USA f\u00fchrt uns \u00fcber viele Nationalparks mit tollen Wanderungen bis zum H\u00f6hepunkt, der Durchquerung des Grand Canyon. Vom [&#8230;]<\/p>\n","protected":false},"author":1,"featured_media":0,"parent":6,"menu_order":215,"comment_status":"closed","ping_status":"closed","template":"templates\/template-fullwidth.php","meta":{"_lmt_disableupdate":"no","_lmt_disable":"","ngg_post_thumbnail":0,"footnotes":""},"class_list":["post-962","page","type-page","status-publish","hentry"],"_links":{"self":[{"href":"https:\/\/uk-waldmann.de\/WP\/reisen\/wp-json\/wp\/v2\/pages\/962","targetHints":{"allow":["GET"]}}],"collection":[{"href":"https:\/\/uk-waldmann.de\/WP\/reisen\/wp-json\/wp\/v2\/pages"}],"about":[{"href":"https:\/\/uk-waldmann.de\/WP\/reisen\/wp-json\/wp\/v2\/types\/page"}],"author":[{"embeddable":true,"href":"https:\/\/uk-waldmann.de\/WP\/reisen\/wp-json\/wp\/v2\/users\/1"}],"replies":[{"embeddable":true,"href":"https:\/\/uk-waldmann.de\/WP\/reisen\/wp-json\/wp\/v2\/comments?post=962"}],"version-history":[{"count":9,"href":"https:\/\/uk-waldmann.de\/WP\/reisen\/wp-json\/wp\/v2\/pages\/962\/revisions"}],"predecessor-version":[{"id":6185,"href":"https:\/\/uk-waldmann.de\/WP\/reisen\/wp-json\/wp\/v2\/pages\/962\/revisions\/6185"}],"up":[{"embeddable":true,"href":"https:\/\/uk-waldmann.de\/WP\/reisen\/wp-json\/wp\/v2\/pages\/6"}],"wp:attachment":[{"href":"https:\/\/uk-waldmann.de\/WP\/reisen\/wp-json\/wp\/v2\/media?parent=962"}],"curies":[{"name":"wp","href":"https:\/\/api.w.org\/{rel}","templated":true}]}}