{"id":1859,"date":"2026-03-07T18:55:54","date_gmt":"2026-03-07T17:55:54","guid":{"rendered":"http:\/\/uk-waldmann.de\/WP\/wir\/wp-content\/uploads\/sites\/14\/2026\/03\/04072020-R8-Garten_038.jpg"},"modified":"2026-03-23T19:38:51","modified_gmt":"2026-03-23T18:38:51","slug":"04072020-r8-garten_038","status":"inherit","type":"attachment","link":"https:\/\/uk-waldmann.de\/WP\/wir\/04072020-r8-garten_038\/","title":{"rendered":"Felsenbirne"},"author":1,"featured_media":0,"comment_status":"closed","ping_status":"closed","template":"","meta":{"_lmt_disableupdate":"","_lmt_disable":""},"categories":[1],"tags":[],"attachment_category":[62],"attachment_tag":[61],"class_list":["post-1859","attachment","type-attachment","status-inherit","hentry","category-allgemein","attachment_category-garten","attachment_tag-fruehjahr"],"description":{"rendered":"<p class=\"attachment\"><a href='https:\/\/uk-waldmann.de\/WP\/wir\/wp-content\/uploads\/sites\/14\/2026\/03\/04072020-R8-Garten_038.jpg'><img loading=\"lazy\" decoding=\"async\" width=\"300\" height=\"200\" src=\"https:\/\/uk-waldmann.de\/WP\/wir\/wp-content\/uploads\/sites\/14\/2026\/03\/04072020-R8-Garten_038-300x200.jpg\" class=\"attachment-medium size-medium\" alt=\"Felsenbirne\" srcset=\"https:\/\/uk-waldmann.de\/WP\/wir\/wp-content\/uploads\/sites\/14\/2026\/03\/04072020-R8-Garten_038-300x200.jpg 300w, https:\/\/uk-waldmann.de\/WP\/wir\/wp-content\/uploads\/sites\/14\/2026\/03\/04072020-R8-Garten_038-1024x683.jpg 1024w, https:\/\/uk-waldmann.de\/WP\/wir\/wp-content\/uploads\/sites\/14\/2026\/03\/04072020-R8-Garten_038-768x512.jpg 768w, https:\/\/uk-waldmann.de\/WP\/wir\/wp-content\/uploads\/sites\/14\/2026\/03\/04072020-R8-Garten_038-1536x1024.jpg 1536w, https:\/\/uk-waldmann.de\/WP\/wir\/wp-content\/uploads\/sites\/14\/2026\/03\/04072020-R8-Garten_038.jpg 1600w\" sizes=\"auto, (max-width: 300px) 100vw, 300px\" \/><\/a><\/p>\n<p>Das Bild zeigt die Bl\u00fcten und jungen Bl\u00e4tter einer Felsenbirne (Amelanchier), h\u00f6chstwahrscheinlich der Kupfer-Felsenbirne (Amelanchier lamarckii) oder der Kanadischen Felsenbirne (Amelanchier canadensis). <\/p>\n"},"caption":{"rendered":"<p>Das Bild zeigt die Bl\u00fcten und jungen Bl\u00e4tter einer Felsenbirne (Amelanchier), h\u00f6chstwahrscheinlich der Kupfer-Felsenbirne (Amelanchier lamarckii) oder der Kanadischen Felsenbirne (Amelanchier canadensis).<\/p>\n"},"alt_text":"Felsenbirne","media_type":"image","mime_type":"image\/jpeg","media_details":{"width":1600,"height":1067,"file":"2026\/03\/04072020-R8-Garten_038.jpg","filesize":421908,"sizes":{"medium":{"file":"04072020-R8-Garten_038-300x200.jpg","width":300,"height":200,"filesize":16542,"mime_type":"image\/jpeg","source_url":"https:\/\/uk-waldmann.de\/WP\/wir\/wp-content\/uploads\/sites\/14\/2026\/03\/04072020-R8-Garten_038-300x200.jpg"},"large":{"file":"04072020-R8-Garten_038-1024x683.jpg","width":1024,"height":683,"filesize":98584,"mime_type":"image\/jpeg","source_url":"https:\/\/uk-waldmann.de\/WP\/wir\/wp-content\/uploads\/sites\/14\/2026\/03\/04072020-R8-Garten_038-1024x683.jpg"},"thumbnail":{"file":"04072020-R8-Garten_038-150x150.jpg","width":150,"height":150,"filesize":8480,"mime_type":"image\/jpeg","source_url":"https:\/\/uk-waldmann.de\/WP\/wir\/wp-content\/uploads\/sites\/14\/2026\/03\/04072020-R8-Garten_038-150x150.jpg"},"medium_large":{"file":"04072020-R8-Garten_038-768x512.jpg","width":768,"height":512,"filesize":65234,"mime_type":"image\/jpeg","source_url":"https:\/\/uk-waldmann.de\/WP\/wir\/wp-content\/uploads\/sites\/14\/2026\/03\/04072020-R8-Garten_038-768x512.jpg"},"1536x1536":{"file":"04072020-R8-Garten_038-1536x1024.jpg","width":1536,"height":1024,"filesize":177814,"mime_type":"image\/jpeg","source_url":"https:\/\/uk-waldmann.de\/WP\/wir\/wp-content\/uploads\/sites\/14\/2026\/03\/04072020-R8-Garten_038-1536x1024.jpg"},"dynamico-featured-content":{"file":"04072020-R8-Garten_038-1600x600.jpg","width":1600,"height":600,"filesize":129895,"mime_type":"image\/jpeg","source_url":"https:\/\/uk-waldmann.de\/WP\/wir\/wp-content\/uploads\/sites\/14\/2026\/03\/04072020-R8-Garten_038-1600x600.jpg"},"dynamico-ultra-wide":{"file":"04072020-R8-Garten_038-1600x600.jpg","width":1600,"height":600,"filesize":129895,"mime_type":"image\/jpeg","source_url":"https:\/\/uk-waldmann.de\/WP\/wir\/wp-content\/uploads\/sites\/14\/2026\/03\/04072020-R8-Garten_038-1600x600.jpg"},"dynamico-landscape":{"file":"04072020-R8-Garten_038-1600x1035.jpg","width":1600,"height":1035,"filesize":192738,"mime_type":"image\/jpeg","source_url":"https:\/\/uk-waldmann.de\/WP\/wir\/wp-content\/uploads\/sites\/14\/2026\/03\/04072020-R8-Garten_038-1600x1035.jpg"},"dynamico-square":{"file":"04072020-R8-Garten_038-900x900.jpg","width":900,"height":900,"filesize":117897,"mime_type":"image\/jpeg","source_url":"https:\/\/uk-waldmann.de\/WP\/wir\/wp-content\/uploads\/sites\/14\/2026\/03\/04072020-R8-Garten_038-900x900.jpg"},"dynamico-portrait":{"file":"04072020-R8-Garten_038-900x1067.jpg","width":900,"height":1067,"filesize":140596,"mime_type":"image\/jpeg","source_url":"https:\/\/uk-waldmann.de\/WP\/wir\/wp-content\/uploads\/sites\/14\/2026\/03\/04072020-R8-Garten_038-900x1067.jpg"},"tzwb-thumbnail":{"file":"04072020-R8-Garten_038-150x150.jpg","width":150,"height":150,"filesize":8480,"mime_type":"image\/jpeg","source_url":"https:\/\/uk-waldmann.de\/WP\/wir\/wp-content\/uploads\/sites\/14\/2026\/03\/04072020-R8-Garten_038-150x150.jpg"},"full":{"file":"04072020-R8-Garten_038.jpg","width":1600,"height":1067,"mime_type":"image\/jpeg","source_url":"https:\/\/uk-waldmann.de\/WP\/wir\/wp-content\/uploads\/sites\/14\/2026\/03\/04072020-R8-Garten_038.jpg"}},"image_meta":{"aperture":"8","credit":"Klaus Waldmann","camera":"Canon EOS 70D","caption":"","created_timestamp":"1586249657","copyright":"www.uk-waldmann.de\/WP\/lizenz-cc-by-nc-nd\/ K.Waldmann, Erlangen, GERMANY","focal_length":"118","iso":"100","shutter_speed":"0.002","title":"","orientation":"1","keywords":["Blume","R8-Garten"]}},"post":null,"source_url":"https:\/\/uk-waldmann.de\/WP\/wir\/wp-content\/uploads\/sites\/14\/2026\/03\/04072020-R8-Garten_038.jpg","_links":{"self":[{"href":"https:\/\/uk-waldmann.de\/WP\/wir\/wp-json\/wp\/v2\/media\/1859","targetHints":{"allow":["GET"]}}],"collection":[{"href":"https:\/\/uk-waldmann.de\/WP\/wir\/wp-json\/wp\/v2\/media"}],"about":[{"href":"https:\/\/uk-waldmann.de\/WP\/wir\/wp-json\/wp\/v2\/types\/attachment"}],"author":[{"embeddable":true,"href":"https:\/\/uk-waldmann.de\/WP\/wir\/wp-json\/wp\/v2\/users\/1"}],"replies":[{"embeddable":true,"href":"https:\/\/uk-waldmann.de\/WP\/wir\/wp-json\/wp\/v2\/comments?post=1859"}],"wp:term":[{"taxonomy":"category","embeddable":true,"href":"https:\/\/uk-waldmann.de\/WP\/wir\/wp-json\/wp\/v2\/categories?post=1859"},{"taxonomy":"post_tag","embeddable":true,"href":"https:\/\/uk-waldmann.de\/WP\/wir\/wp-json\/wp\/v2\/tags?post=1859"},{"taxonomy":"attachment_category","embeddable":true,"href":"https:\/\/uk-waldmann.de\/WP\/wir\/wp-json\/wp\/v2\/attachment_category?post=1859"},{"taxonomy":"attachment_tag","embeddable":true,"href":"https:\/\/uk-waldmann.de\/WP\/wir\/wp-json\/wp\/v2\/attachment_tag?post=1859"}],"curies":[{"name":"wp","href":"https:\/\/api.w.org\/{rel}","templated":true}]}}

<p class="attachment"><a href='https://uk-waldmann.de/WP/wir/wp-content/uploads/sites/14/2026/03/04072020-R8-Garten_038.jpg'><img loading="lazy" decoding="async" width="300" height="200" src="https://uk-waldmann.de/WP/wir/wp-content/uploads/sites/14/2026/03/04072020-R8-Garten_038-300x200.jpg" class="attachment-medium size-medium" alt="Felsenbirne" srcset="https://uk-waldmann.de/WP/wir/wp-content/uploads/sites/14/2026/03/04072020-R8-Garten_038-300x200.jpg 300w, https://uk-waldmann.de/WP/wir/wp-content/uploads/sites/14/2026/03/04072020-R8-Garten_038-1024x683.jpg 1024w, https://uk-waldmann.de/WP/wir/wp-content/uploads/sites/14/2026/03/04072020-R8-Garten_038-768x512.jpg 768w, https://uk-waldmann.de/WP/wir/wp-content/uploads/sites/14/2026/03/04072020-R8-Garten_038-1536x1024.jpg 1536w, https://uk-waldmann.de/WP/wir/wp-content/uploads/sites/14/2026/03/04072020-R8-Garten_038.jpg 1600w" sizes="auto, (max-width: 300px) 100vw, 300px" /></a></p>
<p>Das Bild zeigt die Blüten und jungen Blätter einer Felsenbirne (Amelanchier), höchstwahrscheinlich der Kupfer-Felsenbirne (Amelanchier lamarckii) oder der Kanadischen Felsenbirne (Amelanchier canadensis). </p>

<p>Das Bild zeigt die Blüten und jungen Blätter einer Felsenbirne (Amelanchier), höchstwahrscheinlich der Kupfer-Felsenbirne (Amelanchier lamarckii) oder der Kanadischen Felsenbirne (Amelanchier canadensis).</p>
